{"id":185,"date":"2014-04-30T10:14:21","date_gmt":"2014-04-30T08:14:21","guid":{"rendered":"https:\/\/diktardagar.no\/2021\/?page_id=185"},"modified":"2014-04-30T10:14:21","modified_gmt":"2014-04-30T08:14:21","slug":"nordgard-aukrust","status":"publish","type":"page","link":"https:\/\/diktardagar.no\/2021\/tidlegare\/diktardagar2015\/stadar-2015\/nordgard-aukrust\/","title":{"rendered":"Nordgard Aukrust"},"content":{"rendered":"<div class=\"head\">\n<h4 class=\"headline\"><a href=\"https:\/\/diktardagar.no\/2021\/wp-content\/uploads\/sites\/14\/2014\/04\/aukrust-haust10oransje.jpg\"><img loading=\"lazy\" decoding=\"async\" class=\"alignleft wp-image-116 size-thumbnail\" src=\"https:\/\/diktardagar.no\/2021\/wp-content\/uploads\/sites\/14\/2014\/04\/aukrust-haust10oransje-150x150.jpg\" alt=\"aukrust haust10oransje\" width=\"150\" height=\"150\" srcset=\"https:\/\/diktardagar.no\/2021\/wp-content\/uploads\/sites\/14\/2014\/04\/aukrust-haust10oransje-150x150.jpg 150w, https:\/\/diktardagar.no\/2021\/wp-content\/uploads\/sites\/14\/2014\/04\/aukrust-haust10oransje-270x270.jpg 270w, https:\/\/diktardagar.no\/2021\/wp-content\/uploads\/sites\/14\/2014\/04\/aukrust-haust10oransje-230x230.jpg 230w\" sizes=\"auto, (max-width: 150px) 100vw, 150px\" \/><\/a>Nordgard Aukrust er heimegarden til Olav Aukrust. Garden ligg ca. 4 km fr\u00e5 Fossbergom p\u00e5 oversida av Solsidevegen.\u00a0 Urpremiere p\u00e5 bestillingsverket Himmelvarden vil foreg\u00e5 p\u00e5 nybygd amfi mellom hovubygningen og Urtehagehuset. \u00a0<a href=\"http:\/\/http:\/\/www.aukrust-nordgard.no\/\" target=\"_blank\">Nettsider&#8230;<\/a><\/h4>\n<\/div>\n<div class=\"textwrap\">\n<h4 class=\"subheadline\"><\/h4>\n<h4 class=\"subheadline\"><\/h4>\n<p>&nbsp;<\/p>\n<\/div>\n","protected":false},"excerpt":{"rendered":"<p>Nordgard Aukrust er heimegarden til Olav Aukrust. Garden ligg ca. 4 km fr\u00e5 Fossbergom p\u00e5 oversida av Solsidevegen.\u00a0 Urpremiere p\u00e5 bestillingsverket Himmelvarden vil foreg\u00e5 p\u00e5 nybygd amfi mellom hovubygningen og Urtehagehuset. \u00a0Nettsider&#8230; &nbsp;<\/p>\n","protected":false},"author":2,"featured_media":0,"parent":67,"menu_order":0,"comment_status":"closed","ping_status":"open","template":"","meta":{"footnotes":""},"class_list":["post-185","page","type-page","status-publish","hentry"],"yoast_head":"<!-- This site is optimized with the Yoast SEO plugin v27.3 - https:\/\/yoast.com\/product\/yoast-seo-wordpress\/ -->\n<title>Nordgard Aukrust - Diktardagar 2021<\/title>\n<meta name=\"robots\" content=\"index, follow, max-snippet:-1, max-image-preview:large, max-video-preview:-1\" \/>\n<link rel=\"canonical\" href=\"https:\/\/diktardagar.no\/2021\/tidlegare\/diktardagar2015\/stadar-2015\/nordgard-aukrust\/\" class=\"yoast-seo-meta-tag\" \/>\n<meta property=\"og:locale\" content=\"nb_NO\" class=\"yoast-seo-meta-tag\" \/>\n<meta property=\"og:type\" content=\"article\" class=\"yoast-seo-meta-tag\" \/>\n<meta property=\"og:title\" content=\"Nordgard Aukrust - Diktardagar 2021\" class=\"yoast-seo-meta-tag\" \/>\n<meta property=\"og:description\" content=\"Nordgard Aukrust er heimegarden til Olav Aukrust. Garden ligg ca. 4 km fr\u00e5 Fossbergom p\u00e5 oversida av Solsidevegen.\u00a0 Urpremiere p\u00e5 bestillingsverket Himmelvarden vil foreg\u00e5 p\u00e5 nybygd amfi mellom hovubygningen og Urtehagehuset. \u00a0Nettsider&#8230; &nbsp;\" class=\"yoast-seo-meta-tag\" \/>\n<meta property=\"og:url\" content=\"https:\/\/diktardagar.no\/2021\/tidlegare\/diktardagar2015\/stadar-2015\/nordgard-aukrust\/\" class=\"yoast-seo-meta-tag\" \/>\n<meta property=\"og:site_name\" content=\"Diktardagar 2021\" class=\"yoast-seo-meta-tag\" \/>\n<meta property=\"og:image\" content=\"https:\/\/diktardagar.no\/2021\/wp-content\/uploads\/sites\/14\/2014\/04\/aukrust-haust10oransje-150x150.jpg\" class=\"yoast-seo-meta-tag\" \/>\n<meta name=\"twitter:card\" content=\"summary_large_image\" class=\"yoast-seo-meta-tag\" \/>\n<script type=\"application\/ld+json\" class=\"yoast-schema-graph\">{\"@context\":\"https:\\\/\\\/schema.org\",\"@graph\":[{\"@type\":\"WebPage\",\"@id\":\"https:\\\/\\\/diktardagar.no\\\/2021\\\/tidlegare\\\/diktardagar2015\\\/stadar-2015\\\/nordgard-aukrust\\\/\",\"url\":\"https:\\\/\\\/diktardagar.no\\\/2021\\\/tidlegare\\\/diktardagar2015\\\/stadar-2015\\\/nordgard-aukrust\\\/\",\"name\":\"Nordgard Aukrust - Diktardagar 2021\",\"isPartOf\":{\"@id\":\"https:\\\/\\\/diktardagar.no\\\/2021\\\/#website\"},\"primaryImageOfPage\":{\"@id\":\"https:\\\/\\\/diktardagar.no\\\/2021\\\/tidlegare\\\/diktardagar2015\\\/stadar-2015\\\/nordgard-aukrust\\\/#primaryimage\"},\"image\":{\"@id\":\"https:\\\/\\\/diktardagar.no\\\/2021\\\/tidlegare\\\/diktardagar2015\\\/stadar-2015\\\/nordgard-aukrust\\\/#primaryimage\"},\"thumbnailUrl\":\"https:\\\/\\\/diktardagar.no\\\/2021\\\/wp-content\\\/uploads\\\/sites\\\/14\\\/2014\\\/04\\\/aukrust-haust10oransje-150x150.jpg\",\"datePublished\":\"2014-04-30T08:14:21+00:00\",\"breadcrumb\":{\"@id\":\"https:\\\/\\\/diktardagar.no\\\/2021\\\/tidlegare\\\/diktardagar2015\\\/stadar-2015\\\/nordgard-aukrust\\\/#breadcrumb\"},\"inLanguage\":\"nb-NO\",\"potentialAction\":[{\"@type\":\"ReadAction\",\"target\":[\"https:\\\/\\\/diktardagar.no\\\/2021\\\/tidlegare\\\/diktardagar2015\\\/stadar-2015\\\/nordgard-aukrust\\\/\"]}]},{\"@type\":\"ImageObject\",\"inLanguage\":\"nb-NO\",\"@id\":\"https:\\\/\\\/diktardagar.no\\\/2021\\\/tidlegare\\\/diktardagar2015\\\/stadar-2015\\\/nordgard-aukrust\\\/#primaryimage\",\"url\":\"https:\\\/\\\/diktardagar.no\\\/2021\\\/wp-content\\\/uploads\\\/sites\\\/14\\\/2014\\\/04\\\/aukrust-haust10oransje.jpg\",\"contentUrl\":\"https:\\\/\\\/diktardagar.no\\\/2021\\\/wp-content\\\/uploads\\\/sites\\\/14\\\/2014\\\/04\\\/aukrust-haust10oransje.jpg\",\"width\":614,\"height\":460},{\"@type\":\"BreadcrumbList\",\"@id\":\"https:\\\/\\\/diktardagar.no\\\/2021\\\/tidlegare\\\/diktardagar2015\\\/stadar-2015\\\/nordgard-aukrust\\\/#breadcrumb\",\"itemListElement\":[{\"@type\":\"ListItem\",\"position\":1,\"name\":\"Hjem\",\"item\":\"https:\\\/\\\/diktardagar.no\\\/2021\\\/\"},{\"@type\":\"ListItem\",\"position\":2,\"name\":\"Tidlegare diktardagar\",\"item\":\"https:\\\/\\\/diktardagar.no\\\/2021\\\/tidlegare\\\/\"},{\"@type\":\"ListItem\",\"position\":3,\"name\":\"Diktardagar 2015\",\"item\":\"https:\\\/\\\/diktardagar.no\\\/2021\\\/tidlegare\\\/diktardagar2015\\\/\"},{\"@type\":\"ListItem\",\"position\":4,\"name\":\"Stadar 2015\",\"item\":\"https:\\\/\\\/diktardagar.no\\\/2021\\\/tidlegare\\\/diktardagar2015\\\/stadar-2015\\\/\"},{\"@type\":\"ListItem\",\"position\":5,\"name\":\"Nordgard Aukrust\"}]},{\"@type\":\"WebSite\",\"@id\":\"https:\\\/\\\/diktardagar.no\\\/2021\\\/#website\",\"url\":\"https:\\\/\\\/diktardagar.no\\\/2021\\\/\",\"name\":\"Diktardagar 2021\",\"description\":\"\",\"potentialAction\":[{\"@type\":\"SearchAction\",\"target\":{\"@type\":\"EntryPoint\",\"urlTemplate\":\"https:\\\/\\\/diktardagar.no\\\/2021\\\/?s={search_term_string}\"},\"query-input\":{\"@type\":\"PropertyValueSpecification\",\"valueRequired\":true,\"valueName\":\"search_term_string\"}}],\"inLanguage\":\"nb-NO\"}]}<\/script>\n<!-- \/ Yoast SEO plugin. -->","yoast_head_json":{"title":"Nordgard Aukrust - Diktardagar 2021","robots":{"index":"index","follow":"follow","max-snippet":"max-snippet:-1","max-image-preview":"max-image-preview:large","max-video-preview":"max-video-preview:-1"},"canonical":"https:\/\/diktardagar.no\/2021\/tidlegare\/diktardagar2015\/stadar-2015\/nordgard-aukrust\/","og_locale":"nb_NO","og_type":"article","og_title":"Nordgard Aukrust - Diktardagar 2021","og_description":"Nordgard Aukrust er heimegarden til Olav Aukrust. Garden ligg ca. 4 km fr\u00e5 Fossbergom p\u00e5 oversida av Solsidevegen.\u00a0 Urpremiere p\u00e5 bestillingsverket Himmelvarden vil foreg\u00e5 p\u00e5 nybygd amfi mellom hovubygningen og Urtehagehuset. \u00a0Nettsider&#8230; &nbsp;","og_url":"https:\/\/diktardagar.no\/2021\/tidlegare\/diktardagar2015\/stadar-2015\/nordgard-aukrust\/","og_site_name":"Diktardagar 2021","og_image":[{"url":"https:\/\/diktardagar.no\/2021\/wp-content\/uploads\/sites\/14\/2014\/04\/aukrust-haust10oransje-150x150.jpg","type":"","width":"","height":""}],"twitter_card":"summary_large_image","schema":{"@context":"https:\/\/schema.org","@graph":[{"@type":"WebPage","@id":"https:\/\/diktardagar.no\/2021\/tidlegare\/diktardagar2015\/stadar-2015\/nordgard-aukrust\/","url":"https:\/\/diktardagar.no\/2021\/tidlegare\/diktardagar2015\/stadar-2015\/nordgard-aukrust\/","name":"Nordgard Aukrust - Diktardagar 2021","isPartOf":{"@id":"https:\/\/diktardagar.no\/2021\/#website"},"primaryImageOfPage":{"@id":"https:\/\/diktardagar.no\/2021\/tidlegare\/diktardagar2015\/stadar-2015\/nordgard-aukrust\/#primaryimage"},"image":{"@id":"https:\/\/diktardagar.no\/2021\/tidlegare\/diktardagar2015\/stadar-2015\/nordgard-aukrust\/#primaryimage"},"thumbnailUrl":"https:\/\/diktardagar.no\/2021\/wp-content\/uploads\/sites\/14\/2014\/04\/aukrust-haust10oransje-150x150.jpg","datePublished":"2014-04-30T08:14:21+00:00","breadcrumb":{"@id":"https:\/\/diktardagar.no\/2021\/tidlegare\/diktardagar2015\/stadar-2015\/nordgard-aukrust\/#breadcrumb"},"inLanguage":"nb-NO","potentialAction":[{"@type":"ReadAction","target":["https:\/\/diktardagar.no\/2021\/tidlegare\/diktardagar2015\/stadar-2015\/nordgard-aukrust\/"]}]},{"@type":"ImageObject","inLanguage":"nb-NO","@id":"https:\/\/diktardagar.no\/2021\/tidlegare\/diktardagar2015\/stadar-2015\/nordgard-aukrust\/#primaryimage","url":"https:\/\/diktardagar.no\/2021\/wp-content\/uploads\/sites\/14\/2014\/04\/aukrust-haust10oransje.jpg","contentUrl":"https:\/\/diktardagar.no\/2021\/wp-content\/uploads\/sites\/14\/2014\/04\/aukrust-haust10oransje.jpg","width":614,"height":460},{"@type":"BreadcrumbList","@id":"https:\/\/diktardagar.no\/2021\/tidlegare\/diktardagar2015\/stadar-2015\/nordgard-aukrust\/#breadcrumb","itemListElement":[{"@type":"ListItem","position":1,"name":"Hjem","item":"https:\/\/diktardagar.no\/2021\/"},{"@type":"ListItem","position":2,"name":"Tidlegare diktardagar","item":"https:\/\/diktardagar.no\/2021\/tidlegare\/"},{"@type":"ListItem","position":3,"name":"Diktardagar 2015","item":"https:\/\/diktardagar.no\/2021\/tidlegare\/diktardagar2015\/"},{"@type":"ListItem","position":4,"name":"Stadar 2015","item":"https:\/\/diktardagar.no\/2021\/tidlegare\/diktardagar2015\/stadar-2015\/"},{"@type":"ListItem","position":5,"name":"Nordgard Aukrust"}]},{"@type":"WebSite","@id":"https:\/\/diktardagar.no\/2021\/#website","url":"https:\/\/diktardagar.no\/2021\/","name":"Diktardagar 2021","description":"","potentialAction":[{"@type":"SearchAction","target":{"@type":"EntryPoint","urlTemplate":"https:\/\/diktardagar.no\/2021\/?s={search_term_string}"},"query-input":{"@type":"PropertyValueSpecification","valueRequired":true,"valueName":"search_term_string"}}],"inLanguage":"nb-NO"}]}},"_links":{"self":[{"href":"https:\/\/diktardagar.no\/2021\/wp-json\/wp\/v2\/pages\/185","targetHints":{"allow":["GET"]}}],"collection":[{"href":"https:\/\/diktardagar.no\/2021\/wp-json\/wp\/v2\/pages"}],"about":[{"href":"https:\/\/diktardagar.no\/2021\/wp-json\/wp\/v2\/types\/page"}],"author":[{"embeddable":true,"href":"https:\/\/diktardagar.no\/2021\/wp-json\/wp\/v2\/users\/2"}],"replies":[{"embeddable":true,"href":"https:\/\/diktardagar.no\/2021\/wp-json\/wp\/v2\/comments?post=185"}],"version-history":[{"count":1,"href":"https:\/\/diktardagar.no\/2021\/wp-json\/wp\/v2\/pages\/185\/revisions"}],"predecessor-version":[{"id":186,"href":"https:\/\/diktardagar.no\/2021\/wp-json\/wp\/v2\/pages\/185\/revisions\/186"}],"up":[{"embeddable":true,"href":"https:\/\/diktardagar.no\/2021\/wp-json\/wp\/v2\/pages\/67"}],"wp:attachment":[{"href":"https:\/\/diktardagar.no\/2021\/wp-json\/wp\/v2\/media?parent=185"}],"curies":[{"name":"wp","href":"https:\/\/api.w.org\/{rel}","templated":true}]}}