{"id":191,"date":"2014-04-30T10:17:54","date_gmt":"2014-04-30T08:17:54","guid":{"rendered":"https:\/\/diktardagar.no\/2020\/?page_id=191"},"modified":"2014-04-30T10:17:54","modified_gmt":"2014-04-30T08:17:54","slug":"kultursommar-liv-og-rore-lom","status":"publish","type":"page","link":"https:\/\/diktardagar.no\/2020\/tidlegare\/diktardagar2015\/stadar-2015\/kultursommar-liv-og-rore-lom\/","title":{"rendered":"Kultursommar, Liv og r\u00f8re i Lom"},"content":{"rendered":"<div class=\"head\">\n<p class=\"headline\"><a href=\"https:\/\/diktardagar.no\/2020\/wp-content\/uploads\/sites\/4\/2014\/04\/livogrore.jpg\"><img loading=\"lazy\" decoding=\"async\" class=\"alignleft wp-image-126 size-thumbnail\" src=\"https:\/\/diktardagar.no\/2020\/wp-content\/uploads\/sites\/4\/2014\/04\/livogrore-150x150.jpg\" alt=\"livogrore\" width=\"150\" height=\"150\" srcset=\"https:\/\/diktardagar.no\/2020\/wp-content\/uploads\/sites\/4\/2014\/04\/livogrore-150x150.jpg 150w, https:\/\/diktardagar.no\/2020\/wp-content\/uploads\/sites\/4\/2014\/04\/livogrore-270x270.jpg 270w, https:\/\/diktardagar.no\/2020\/wp-content\/uploads\/sites\/4\/2014\/04\/livogrore-230x230.jpg 230w\" sizes=\"auto, (max-width: 150px) 100vw, 150px\" \/><\/a>Sommar i Lom er liv og r\u00f8re, turistar, kultur, aktivitetar, drivande vekstsesong og mykje, mykje meir. Vil du vita kva som skjer finn du ein del av det p\u00e5 kulturkalenderen p\u00e5 systersida v\u00e5r <a href=\"http:\/\/www.lom.no\">lom.no<\/a>. Du kan ogs\u00e5 finne aktuell info hj\u00e5\u00a0<a href=\"http:\/\/www.visitjotunheimen.com\/\">Jotunheimen reiseliv<\/a>.<\/p>\n<\/div>\n<div class=\"imgwrap\"><\/div>\n<div class=\"imgwrap\"><\/div>\n<div class=\"imgwrap\"><\/div>\n<div class=\"imgwrap\"><\/div>\n","protected":false},"excerpt":{"rendered":"<p>Sommar i Lom er liv og r\u00f8re, turistar, kultur, aktivitetar, drivande vekstsesong og mykje, mykje meir. Vil du vita kva som skjer finn du ein del av det p\u00e5 kulturkalenderen p\u00e5 systersida v\u00e5r lom.no. Du kan ogs\u00e5 finne aktuell info hj\u00e5\u00a0Jotunheimen reiseliv.<\/p>\n","protected":false},"author":2,"featured_media":0,"parent":67,"menu_order":0,"comment_status":"closed","ping_status":"open","template":"","meta":{"footnotes":""},"class_list":["post-191","page","type-page","status-publish","hentry"],"yoast_head":"<!-- This site is optimized with the Yoast SEO plugin v27.5 - https:\/\/yoast.com\/product\/yoast-seo-wordpress\/ -->\n<title>Kultursommar, Liv og r\u00f8re i Lom - Diktardagar 2020<\/title>\n<meta name=\"robots\" content=\"index, follow, max-snippet:-1, max-image-preview:large, max-video-preview:-1\" \/>\n<link rel=\"canonical\" href=\"https:\/\/diktardagar.no\/2020\/tidlegare\/diktardagar2015\/stadar-2015\/kultursommar-liv-og-rore-lom\/\" class=\"yoast-seo-meta-tag\" \/>\n<meta property=\"og:locale\" content=\"nb_NO\" class=\"yoast-seo-meta-tag\" \/>\n<meta property=\"og:type\" content=\"article\" class=\"yoast-seo-meta-tag\" \/>\n<meta property=\"og:title\" content=\"Kultursommar, Liv og r\u00f8re i Lom - Diktardagar 2020\" class=\"yoast-seo-meta-tag\" \/>\n<meta property=\"og:description\" content=\"Sommar i Lom er liv og r\u00f8re, turistar, kultur, aktivitetar, drivande vekstsesong og mykje, mykje meir. Vil du vita kva som skjer finn du ein del av det p\u00e5 kulturkalenderen p\u00e5 systersida v\u00e5r lom.no. Du kan ogs\u00e5 finne aktuell info hj\u00e5\u00a0Jotunheimen reiseliv.\" class=\"yoast-seo-meta-tag\" \/>\n<meta property=\"og:url\" content=\"https:\/\/diktardagar.no\/2020\/tidlegare\/diktardagar2015\/stadar-2015\/kultursommar-liv-og-rore-lom\/\" class=\"yoast-seo-meta-tag\" \/>\n<meta property=\"og:site_name\" content=\"Diktardagar 2020\" class=\"yoast-seo-meta-tag\" \/>\n<meta property=\"og:image\" content=\"https:\/\/diktardagar.no\/2020\/wp-content\/uploads\/sites\/4\/2014\/04\/livogrore-150x150.jpg\" class=\"yoast-seo-meta-tag\" \/>\n<meta name=\"twitter:card\" content=\"summary_large_image\" class=\"yoast-seo-meta-tag\" \/>\n<script type=\"application\/ld+json\" class=\"yoast-schema-graph\">{\"@context\":\"https:\\\/\\\/schema.org\",\"@graph\":[{\"@type\":\"WebPage\",\"@id\":\"https:\\\/\\\/diktardagar.no\\\/2020\\\/tidlegare\\\/diktardagar2015\\\/stadar-2015\\\/kultursommar-liv-og-rore-lom\\\/\",\"url\":\"https:\\\/\\\/diktardagar.no\\\/2020\\\/tidlegare\\\/diktardagar2015\\\/stadar-2015\\\/kultursommar-liv-og-rore-lom\\\/\",\"name\":\"Kultursommar, Liv og r\u00f8re i Lom - Diktardagar 2020\",\"isPartOf\":{\"@id\":\"https:\\\/\\\/diktardagar.no\\\/2020\\\/#website\"},\"primaryImageOfPage\":{\"@id\":\"https:\\\/\\\/diktardagar.no\\\/2020\\\/tidlegare\\\/diktardagar2015\\\/stadar-2015\\\/kultursommar-liv-og-rore-lom\\\/#primaryimage\"},\"image\":{\"@id\":\"https:\\\/\\\/diktardagar.no\\\/2020\\\/tidlegare\\\/diktardagar2015\\\/stadar-2015\\\/kultursommar-liv-og-rore-lom\\\/#primaryimage\"},\"thumbnailUrl\":\"https:\\\/\\\/diktardagar.no\\\/2020\\\/wp-content\\\/uploads\\\/sites\\\/4\\\/2014\\\/04\\\/livogrore-150x150.jpg\",\"datePublished\":\"2014-04-30T08:17:54+00:00\",\"breadcrumb\":{\"@id\":\"https:\\\/\\\/diktardagar.no\\\/2020\\\/tidlegare\\\/diktardagar2015\\\/stadar-2015\\\/kultursommar-liv-og-rore-lom\\\/#breadcrumb\"},\"inLanguage\":\"nb-NO\",\"potentialAction\":[{\"@type\":\"ReadAction\",\"target\":[\"https:\\\/\\\/diktardagar.no\\\/2020\\\/tidlegare\\\/diktardagar2015\\\/stadar-2015\\\/kultursommar-liv-og-rore-lom\\\/\"]}]},{\"@type\":\"ImageObject\",\"inLanguage\":\"nb-NO\",\"@id\":\"https:\\\/\\\/diktardagar.no\\\/2020\\\/tidlegare\\\/diktardagar2015\\\/stadar-2015\\\/kultursommar-liv-og-rore-lom\\\/#primaryimage\",\"url\":\"https:\\\/\\\/diktardagar.no\\\/2020\\\/wp-content\\\/uploads\\\/sites\\\/4\\\/2014\\\/04\\\/livogrore.jpg\",\"contentUrl\":\"https:\\\/\\\/diktardagar.no\\\/2020\\\/wp-content\\\/uploads\\\/sites\\\/4\\\/2014\\\/04\\\/livogrore.jpg\",\"width\":999,\"height\":669},{\"@type\":\"BreadcrumbList\",\"@id\":\"https:\\\/\\\/diktardagar.no\\\/2020\\\/tidlegare\\\/diktardagar2015\\\/stadar-2015\\\/kultursommar-liv-og-rore-lom\\\/#breadcrumb\",\"itemListElement\":[{\"@type\":\"ListItem\",\"position\":1,\"name\":\"Hjem\",\"item\":\"https:\\\/\\\/diktardagar.no\\\/2020\\\/\"},{\"@type\":\"ListItem\",\"position\":2,\"name\":\"Tidlegare diktardagar\",\"item\":\"https:\\\/\\\/diktardagar.no\\\/2020\\\/tidlegare\\\/\"},{\"@type\":\"ListItem\",\"position\":3,\"name\":\"Diktardagar 2015\",\"item\":\"https:\\\/\\\/diktardagar.no\\\/2020\\\/tidlegare\\\/diktardagar2015\\\/\"},{\"@type\":\"ListItem\",\"position\":4,\"name\":\"Stadar 2015\",\"item\":\"https:\\\/\\\/diktardagar.no\\\/2020\\\/tidlegare\\\/diktardagar2015\\\/stadar-2015\\\/\"},{\"@type\":\"ListItem\",\"position\":5,\"name\":\"Kultursommar, Liv og r\u00f8re i Lom\"}]},{\"@type\":\"WebSite\",\"@id\":\"https:\\\/\\\/diktardagar.no\\\/2020\\\/#website\",\"url\":\"https:\\\/\\\/diktardagar.no\\\/2020\\\/\",\"name\":\"Diktardagar 2020\",\"description\":\"\",\"potentialAction\":[{\"@type\":\"SearchAction\",\"target\":{\"@type\":\"EntryPoint\",\"urlTemplate\":\"https:\\\/\\\/diktardagar.no\\\/2020\\\/?s={search_term_string}\"},\"query-input\":{\"@type\":\"PropertyValueSpecification\",\"valueRequired\":true,\"valueName\":\"search_term_string\"}}],\"inLanguage\":\"nb-NO\"}]}<\/script>\n<!-- \/ Yoast SEO plugin. -->","yoast_head_json":{"title":"Kultursommar, Liv og r\u00f8re i Lom - Diktardagar 2020","robots":{"index":"index","follow":"follow","max-snippet":"max-snippet:-1","max-image-preview":"max-image-preview:large","max-video-preview":"max-video-preview:-1"},"canonical":"https:\/\/diktardagar.no\/2020\/tidlegare\/diktardagar2015\/stadar-2015\/kultursommar-liv-og-rore-lom\/","og_locale":"nb_NO","og_type":"article","og_title":"Kultursommar, Liv og r\u00f8re i Lom - Diktardagar 2020","og_description":"Sommar i Lom er liv og r\u00f8re, turistar, kultur, aktivitetar, drivande vekstsesong og mykje, mykje meir. Vil du vita kva som skjer finn du ein del av det p\u00e5 kulturkalenderen p\u00e5 systersida v\u00e5r lom.no. Du kan ogs\u00e5 finne aktuell info hj\u00e5\u00a0Jotunheimen reiseliv.","og_url":"https:\/\/diktardagar.no\/2020\/tidlegare\/diktardagar2015\/stadar-2015\/kultursommar-liv-og-rore-lom\/","og_site_name":"Diktardagar 2020","og_image":[{"url":"https:\/\/diktardagar.no\/2020\/wp-content\/uploads\/sites\/4\/2014\/04\/livogrore-150x150.jpg","type":"","width":"","height":""}],"twitter_card":"summary_large_image","schema":{"@context":"https:\/\/schema.org","@graph":[{"@type":"WebPage","@id":"https:\/\/diktardagar.no\/2020\/tidlegare\/diktardagar2015\/stadar-2015\/kultursommar-liv-og-rore-lom\/","url":"https:\/\/diktardagar.no\/2020\/tidlegare\/diktardagar2015\/stadar-2015\/kultursommar-liv-og-rore-lom\/","name":"Kultursommar, Liv og r\u00f8re i Lom - Diktardagar 2020","isPartOf":{"@id":"https:\/\/diktardagar.no\/2020\/#website"},"primaryImageOfPage":{"@id":"https:\/\/diktardagar.no\/2020\/tidlegare\/diktardagar2015\/stadar-2015\/kultursommar-liv-og-rore-lom\/#primaryimage"},"image":{"@id":"https:\/\/diktardagar.no\/2020\/tidlegare\/diktardagar2015\/stadar-2015\/kultursommar-liv-og-rore-lom\/#primaryimage"},"thumbnailUrl":"https:\/\/diktardagar.no\/2020\/wp-content\/uploads\/sites\/4\/2014\/04\/livogrore-150x150.jpg","datePublished":"2014-04-30T08:17:54+00:00","breadcrumb":{"@id":"https:\/\/diktardagar.no\/2020\/tidlegare\/diktardagar2015\/stadar-2015\/kultursommar-liv-og-rore-lom\/#breadcrumb"},"inLanguage":"nb-NO","potentialAction":[{"@type":"ReadAction","target":["https:\/\/diktardagar.no\/2020\/tidlegare\/diktardagar2015\/stadar-2015\/kultursommar-liv-og-rore-lom\/"]}]},{"@type":"ImageObject","inLanguage":"nb-NO","@id":"https:\/\/diktardagar.no\/2020\/tidlegare\/diktardagar2015\/stadar-2015\/kultursommar-liv-og-rore-lom\/#primaryimage","url":"https:\/\/diktardagar.no\/2020\/wp-content\/uploads\/sites\/4\/2014\/04\/livogrore.jpg","contentUrl":"https:\/\/diktardagar.no\/2020\/wp-content\/uploads\/sites\/4\/2014\/04\/livogrore.jpg","width":999,"height":669},{"@type":"BreadcrumbList","@id":"https:\/\/diktardagar.no\/2020\/tidlegare\/diktardagar2015\/stadar-2015\/kultursommar-liv-og-rore-lom\/#breadcrumb","itemListElement":[{"@type":"ListItem","position":1,"name":"Hjem","item":"https:\/\/diktardagar.no\/2020\/"},{"@type":"ListItem","position":2,"name":"Tidlegare diktardagar","item":"https:\/\/diktardagar.no\/2020\/tidlegare\/"},{"@type":"ListItem","position":3,"name":"Diktardagar 2015","item":"https:\/\/diktardagar.no\/2020\/tidlegare\/diktardagar2015\/"},{"@type":"ListItem","position":4,"name":"Stadar 2015","item":"https:\/\/diktardagar.no\/2020\/tidlegare\/diktardagar2015\/stadar-2015\/"},{"@type":"ListItem","position":5,"name":"Kultursommar, Liv og r\u00f8re i Lom"}]},{"@type":"WebSite","@id":"https:\/\/diktardagar.no\/2020\/#website","url":"https:\/\/diktardagar.no\/2020\/","name":"Diktardagar 2020","description":"","potentialAction":[{"@type":"SearchAction","target":{"@type":"EntryPoint","urlTemplate":"https:\/\/diktardagar.no\/2020\/?s={search_term_string}"},"query-input":{"@type":"PropertyValueSpecification","valueRequired":true,"valueName":"search_term_string"}}],"inLanguage":"nb-NO"}]}},"_links":{"self":[{"href":"https:\/\/diktardagar.no\/2020\/wp-json\/wp\/v2\/pages\/191","targetHints":{"allow":["GET"]}}],"collection":[{"href":"https:\/\/diktardagar.no\/2020\/wp-json\/wp\/v2\/pages"}],"about":[{"href":"https:\/\/diktardagar.no\/2020\/wp-json\/wp\/v2\/types\/page"}],"author":[{"embeddable":true,"href":"https:\/\/diktardagar.no\/2020\/wp-json\/wp\/v2\/users\/2"}],"replies":[{"embeddable":true,"href":"https:\/\/diktardagar.no\/2020\/wp-json\/wp\/v2\/comments?post=191"}],"version-history":[{"count":1,"href":"https:\/\/diktardagar.no\/2020\/wp-json\/wp\/v2\/pages\/191\/revisions"}],"predecessor-version":[{"id":192,"href":"https:\/\/diktardagar.no\/2020\/wp-json\/wp\/v2\/pages\/191\/revisions\/192"}],"up":[{"embeddable":true,"href":"https:\/\/diktardagar.no\/2020\/wp-json\/wp\/v2\/pages\/67"}],"wp:attachment":[{"href":"https:\/\/diktardagar.no\/2020\/wp-json\/wp\/v2\/media?parent=191"}],"curies":[{"name":"wp","href":"https:\/\/api.w.org\/{rel}","templated":true}]}}

Kultursommar, Liv og røre i Lom

<div class="head">
<p class="headline"><a href="https://diktardagar.no/2020/wp-content/uploads/sites/4/2014/04/livogrore.jpg"><img loading="lazy" decoding="async" class="alignleft wp-image-126 size-thumbnail" src="https://diktardagar.no/2020/wp-content/uploads/sites/4/2014/04/livogrore-150x150.jpg" alt="livogrore" width="150" height="150" srcset="https://diktardagar.no/2020/wp-content/uploads/sites/4/2014/04/livogrore-150x150.jpg 150w, https://diktardagar.no/2020/wp-content/uploads/sites/4/2014/04/livogrore-270x270.jpg 270w, https://diktardagar.no/2020/wp-content/uploads/sites/4/2014/04/livogrore-230x230.jpg 230w" sizes="auto, (max-width: 150px) 100vw, 150px" /></a>Sommar i Lom er liv og røre, turistar, kultur, aktivitetar, drivande vekstsesong og mykje, mykje meir. Vil du vita kva som skjer finn du ein del av det på kulturkalenderen på systersida vår <a href="http://www.lom.no">lom.no</a>. Du kan også finne aktuell info hjå <a href="http://www.visitjotunheimen.com/">Jotunheimen reiseliv</a>.</p>
</div>
<div class="imgwrap"></div>
<div class="imgwrap"></div>
<div class="imgwrap"></div>
<div class="imgwrap"></div>

<p>Sommar i Lom er liv og røre, turistar, kultur, aktivitetar, drivande vekstsesong og mykje, mykje meir. Vil du vita kva som skjer finn du ein del av det på kulturkalenderen på systersida vår lom.no. Du kan også finne aktuell info hjå Jotunheimen reiseliv.</p>

<!-- This site is optimized with the Yoast SEO plugin v27.5 - https://yoast.com/product/yoast-seo-wordpress/ -->
<title>Kultursommar, Liv og røre i Lom - Diktardagar 2020</title>
<meta name="robots" content="index, follow, max-snippet:-1, max-image-preview:large, max-video-preview:-1" />
<link rel="canonical" href="https://diktardagar.no/2020/tidlegare/diktardagar2015/stadar-2015/kultursommar-liv-og-rore-lom/" class="yoast-seo-meta-tag" />
<meta property="og:locale" content="nb_NO" class="yoast-seo-meta-tag" />
<meta property="og:type" content="article" class="yoast-seo-meta-tag" />
<meta property="og:title" content="Kultursommar, Liv og røre i Lom - Diktardagar 2020" class="yoast-seo-meta-tag" />
<meta property="og:description" content="Sommar i Lom er liv og røre, turistar, kultur, aktivitetar, drivande vekstsesong og mykje, mykje meir. Vil du vita kva som skjer finn du ein del av det på kulturkalenderen på systersida vår lom.no. Du kan også finne aktuell info hjå Jotunheimen reiseliv." class="yoast-seo-meta-tag" />
<meta property="og:url" content="https://diktardagar.no/2020/tidlegare/diktardagar2015/stadar-2015/kultursommar-liv-og-rore-lom/" class="yoast-seo-meta-tag" />
<meta property="og:site_name" content="Diktardagar 2020" class="yoast-seo-meta-tag" />
<meta property="og:image" content="https://diktardagar.no/2020/wp-content/uploads/sites/4/2014/04/livogrore-150x150.jpg" class="yoast-seo-meta-tag" />
<meta name="twitter:card" content="summary_large_image" class="yoast-seo-meta-tag" />
<script type="application/ld+json" class="yoast-schema-graph">{"@context":"https:\/\/schema.org","@graph":[{"@type":"WebPage","@id":"https:\/\/diktardagar.no\/2020\/tidlegare\/diktardagar2015\/stadar-2015\/kultursommar-liv-og-rore-lom\/","url":"https:\/\/diktardagar.no\/2020\/tidlegare\/diktardagar2015\/stadar-2015\/kultursommar-liv-og-rore-lom\/","name":"Kultursommar, Liv og røre i Lom - Diktardagar 2020","isPartOf":{"@id":"https:\/\/diktardagar.no\/2020\/#website"},"primaryImageOfPage":{"@id":"https:\/\/diktardagar.no\/2020\/tidlegare\/diktardagar2015\/stadar-2015\/kultursommar-liv-og-rore-lom\/#primaryimage"},"image":{"@id":"https:\/\/diktardagar.no\/2020\/tidlegare\/diktardagar2015\/stadar-2015\/kultursommar-liv-og-rore-lom\/#primaryimage"},"thumbnailUrl":"https:\/\/diktardagar.no\/2020\/wp-content\/uploads\/sites\/4\/2014\/04\/livogrore-150x150.jpg","datePublished":"2014-04-30T08:17:54+00:00","breadcrumb":{"@id":"https:\/\/diktardagar.no\/2020\/tidlegare\/diktardagar2015\/stadar-2015\/kultursommar-liv-og-rore-lom\/#breadcrumb"},"inLanguage":"nb-NO","potentialAction":[{"@type":"ReadAction","target":["https:\/\/diktardagar.no\/2020\/tidlegare\/diktardagar2015\/stadar-2015\/kultursommar-liv-og-rore-lom\/"]}]},{"@type":"ImageObject","inLanguage":"nb-NO","@id":"https:\/\/diktardagar.no\/2020\/tidlegare\/diktardagar2015\/stadar-2015\/kultursommar-liv-og-rore-lom\/#primaryimage","url":"https:\/\/diktardagar.no\/2020\/wp-content\/uploads\/sites\/4\/2014\/04\/livogrore.jpg","contentUrl":"https:\/\/diktardagar.no\/2020\/wp-content\/uploads\/sites\/4\/2014\/04\/livogrore.jpg","width":999,"height":669},{"@type":"BreadcrumbList","@id":"https:\/\/diktardagar.no\/2020\/tidlegare\/diktardagar2015\/stadar-2015\/kultursommar-liv-og-rore-lom\/#breadcrumb","itemListElement":[{"@type":"ListItem","position":1,"name":"Hjem","item":"https:\/\/diktardagar.no\/2020\/"},{"@type":"ListItem","position":2,"name":"Tidlegare diktardagar","item":"https:\/\/diktardagar.no\/2020\/tidlegare\/"},{"@type":"ListItem","position":3,"name":"Diktardagar 2015","item":"https:\/\/diktardagar.no\/2020\/tidlegare\/diktardagar2015\/"},{"@type":"ListItem","position":4,"name":"Stadar 2015","item":"https:\/\/diktardagar.no\/2020\/tidlegare\/diktardagar2015\/stadar-2015\/"},{"@type":"ListItem","position":5,"name":"Kultursommar, Liv og røre i Lom"}]},{"@type":"WebSite","@id":"https:\/\/diktardagar.no\/2020\/#website","url":"https:\/\/diktardagar.no\/2020\/","name":"Diktardagar 2020","description":"","potentialAction":[{"@type":"SearchAction","target":{"@type":"EntryPoint","urlTemplate":"https:\/\/diktardagar.no\/2020\/?s={search_term_string}"},"query-input":{"@type":"PropertyValueSpecification","valueRequired":true,"valueName":"search_term_string"}}],"inLanguage":"nb-NO"}]}</script>
<!-- / Yoast SEO plugin. -->

Kultursommar, Liv og røre i Lom - Diktardagar 2020

Sommar i Lom er liv og røre, turistar, kultur, aktivitetar, drivande vekstsesong og mykje, mykje meir. Vil du vita kva som skjer finn du ein del av det på kulturkalenderen på systersida vår lom.no. Du kan også finne aktuell info hjå Jotunheimen reiseliv.
