{"id":760,"date":"2015-07-12T09:18:05","date_gmt":"2015-07-12T07:18:05","guid":{"rendered":"https:\/\/diktardagar.no\/2016\/?page_id=760"},"modified":"2015-07-23T17:02:07","modified_gmt":"2015-07-23T15:02:07","slug":"runaug-venas","status":"publish","type":"page","link":"https:\/\/diktardagar.no\/2016\/tidlegare\/diktardagar2015\/runaug-venas\/","title":{"rendered":"Runaug Ven\u00e5s"},"content":{"rendered":"<div id=\"attachment_761\" style=\"width: 303px\" class=\"wp-caption alignleft\"><a href=\"https:\/\/diktardagar.no\/2016\/wp-content\/uploads\/sites\/10\/2015\/07\/runaug-1024-compressed1.jpg\"><img loading=\"lazy\" decoding=\"async\" aria-describedby=\"caption-attachment-761\" class=\"size-medium wp-image-761\" src=\"https:\/\/diktardagar.no\/2016\/wp-content\/uploads\/sites\/10\/2015\/07\/runaug-1024-compressed1-293x300.jpg\" alt=\"Runaug Ven\u00e5s\" width=\"293\" height=\"300\" srcset=\"https:\/\/diktardagar.no\/2016\/wp-content\/uploads\/sites\/10\/2015\/07\/runaug-1024-compressed1-293x300.jpg 293w, https:\/\/diktardagar.no\/2016\/wp-content\/uploads\/sites\/10\/2015\/07\/runaug-1024-compressed1-1001x1024.jpg 1001w, https:\/\/diktardagar.no\/2016\/wp-content\/uploads\/sites\/10\/2015\/07\/runaug-1024-compressed1.jpg 1024w\" sizes=\"auto, (max-width: 293px) 100vw, 293px\" \/><\/a><p id=\"caption-attachment-761\" class=\"wp-caption-text\">Runaug Ven\u00e5s<\/p><\/div>\n<p>\u00c5rets Diktardagarutstillar, Runaug Ven\u00e5s \u00a0(1968), er opphavleg fr\u00e5 Garmo i Lom. Ho er utdanna ved Kunsth\u00f8gskolen i Oslo og Oslo teikne- og malerskole. Runaug bur n\u00e5 saman med familien sin i Gvarv i Telemark.<\/p>\n<p>Bileta hennar viser ofte natur i endring. Motiva er abstraherte landskap, eller bilete som ber preg av spesielle hendingar eller katastrofar. Runaug arbeider i ein eigenutvikla teknikk der ho m.a. kombinerer akryl, papir og kol p\u00e5 ein spesiell m\u00e5te. Ho arbeider gjerne i store format; 160 cmx 122 cm. I sumar arbeider ho med ein serie mindre bilde<\/p>\n<p>Runaug har hatt mange utstillingar b\u00e5de i Norge og i utlandet. Ho var \u00e5rets kunstnar p\u00e5 Eplefestivalen i Telemark i 2014, festivalutstillar p\u00e5 Hamsundagane p\u00e5 Hamar\u00f8y i 2002, og i \u00e5r kjem ho heim og er Diktardagarutstillar 2015.<\/p>\n<p>Heimside: <a href=\"http:\/\/www.runaugvenaas.com\" target=\"_blank\">www.runaugvenaas.com<\/a><\/p>\n\n\t\t<style>\n\t\t\t#gallery-1 {\n\t\t\t\tmargin: auto;\n\t\t\t}\n\t\t\t#gallery-1 .gallery-item {\n\t\t\t\tfloat: left;\n\t\t\t\tmargin-top: 10px;\n\t\t\t\ttext-align: center;\n\t\t\t\twidth: 25%;\n\t\t\t}\n\t\t\t#gallery-1 img {\n\t\t\t\tborder: 2px solid #cfcfcf;\n\t\t\t}\n\t\t\t#gallery-1 .gallery-caption {\n\t\t\t\tmargin-left: 0;\n\t\t\t}\n\t\t\t\/* see gallery_shortcode() in wp-includes\/media.php *\/\n\t\t<\/style>\n\t\t<div id='gallery-1' class='gallery galleryid-760 gallery-columns-4 gallery-size-thumbnail'><dl class='gallery-item'>\n\t\t\t<dt class='gallery-icon landscape'>\n\t\t\t\t<a href='https:\/\/diktardagar.no\/2016\/wp-content\/uploads\/sites\/10\/2015\/07\/bilde-3.jpg'><img loading=\"lazy\" decoding=\"async\" width=\"150\" height=\"150\" src=\"https:\/\/diktardagar.no\/2016\/wp-content\/uploads\/sites\/10\/2015\/07\/bilde-3-150x150.jpg\" class=\"attachment-thumbnail size-thumbnail\" alt=\"\" srcset=\"https:\/\/diktardagar.no\/2016\/wp-content\/uploads\/sites\/10\/2015\/07\/bilde-3-150x150.jpg 150w, https:\/\/diktardagar.no\/2016\/wp-content\/uploads\/sites\/10\/2015\/07\/bilde-3-270x270.jpg 270w, https:\/\/diktardagar.no\/2016\/wp-content\/uploads\/sites\/10\/2015\/07\/bilde-3-230x230.jpg 230w\" sizes=\"auto, (max-width: 150px) 100vw, 150px\" \/><\/a>\n\t\t\t<\/dt><\/dl><dl class='gallery-item'>\n\t\t\t<dt class='gallery-icon landscape'>\n\t\t\t\t<a href='https:\/\/diktardagar.no\/2016\/wp-content\/uploads\/sites\/10\/2015\/07\/bilde-1.jpg'><img loading=\"lazy\" decoding=\"async\" width=\"150\" height=\"150\" src=\"https:\/\/diktardagar.no\/2016\/wp-content\/uploads\/sites\/10\/2015\/07\/bilde-1-150x150.jpg\" class=\"attachment-thumbnail size-thumbnail\" alt=\"\" srcset=\"https:\/\/diktardagar.no\/2016\/wp-content\/uploads\/sites\/10\/2015\/07\/bilde-1-150x150.jpg 150w, https:\/\/diktardagar.no\/2016\/wp-content\/uploads\/sites\/10\/2015\/07\/bilde-1-270x270.jpg 270w, https:\/\/diktardagar.no\/2016\/wp-content\/uploads\/sites\/10\/2015\/07\/bilde-1-230x230.jpg 230w\" sizes=\"auto, (max-width: 150px) 100vw, 150px\" \/><\/a>\n\t\t\t<\/dt><\/dl><dl class='gallery-item'>\n\t\t\t<dt class='gallery-icon landscape'>\n\t\t\t\t<a href='https:\/\/diktardagar.no\/2016\/wp-content\/uploads\/sites\/10\/2015\/07\/bilde-2.jpg'><img loading=\"lazy\" decoding=\"async\" width=\"150\" height=\"150\" src=\"https:\/\/diktardagar.no\/2016\/wp-content\/uploads\/sites\/10\/2015\/07\/bilde-2-150x150.jpg\" class=\"attachment-thumbnail size-thumbnail\" alt=\"\" srcset=\"https:\/\/diktardagar.no\/2016\/wp-content\/uploads\/sites\/10\/2015\/07\/bilde-2-150x150.jpg 150w, https:\/\/diktardagar.no\/2016\/wp-content\/uploads\/sites\/10\/2015\/07\/bilde-2-270x270.jpg 270w, https:\/\/diktardagar.no\/2016\/wp-content\/uploads\/sites\/10\/2015\/07\/bilde-2-230x230.jpg 230w\" sizes=\"auto, (max-width: 150px) 100vw, 150px\" \/><\/a>\n\t\t\t<\/dt><\/dl><dl class='gallery-item'>\n\t\t\t<dt class='gallery-icon landscape'>\n\t\t\t\t<a href='https:\/\/diktardagar.no\/2016\/wp-content\/uploads\/sites\/10\/2015\/07\/bilde-4.jpg'><img loading=\"lazy\" decoding=\"async\" width=\"150\" height=\"150\" src=\"https:\/\/diktardagar.no\/2016\/wp-content\/uploads\/sites\/10\/2015\/07\/bilde-4-150x150.jpg\" class=\"attachment-thumbnail size-thumbnail\" alt=\"\" srcset=\"https:\/\/diktardagar.no\/2016\/wp-content\/uploads\/sites\/10\/2015\/07\/bilde-4-150x150.jpg 150w, https:\/\/diktardagar.no\/2016\/wp-content\/uploads\/sites\/10\/2015\/07\/bilde-4-270x270.jpg 270w, https:\/\/diktardagar.no\/2016\/wp-content\/uploads\/sites\/10\/2015\/07\/bilde-4-230x230.jpg 230w\" sizes=\"auto, (max-width: 150px) 100vw, 150px\" \/><\/a>\n\t\t\t<\/dt><\/dl><br style=\"clear: both\" \/>\n\t\t<\/div>\n\n","protected":false},"excerpt":{"rendered":"<p>\u00c5rets Diktardagarutstillar, Runaug Ven\u00e5s \u00a0(1968), er opphavleg fr\u00e5 Garmo i Lom. Ho er utdanna ved Kunsth\u00f8gskolen i Oslo og Oslo teikne- og malerskole. Runaug bur n\u00e5 saman med familien sin i Gvarv i Telemark. Bileta hennar viser ofte natur i endring. Motiva er abstraherte landskap, eller bilete som ber preg av spesielle hendingar eller katastrofar.&hellip;<\/p>\n","protected":false},"author":1,"featured_media":761,"parent":45,"menu_order":14,"comment_status":"closed","ping_status":"open","template":"","meta":{"footnotes":""},"class_list":["post-760","page","type-page","status-publish","has-post-thumbnail","hentry"],"yoast_head":"<!-- This site is optimized with the Yoast SEO plugin v27.3 - https:\/\/yoast.com\/product\/yoast-seo-wordpress\/ -->\n<title>Runaug Ven\u00e5s - Diktardagar 2016<\/title>\n<meta name=\"robots\" content=\"index, follow, max-snippet:-1, max-image-preview:large, max-video-preview:-1\" \/>\n<link rel=\"canonical\" href=\"https:\/\/diktardagar.no\/2016\/tidlegare\/diktardagar2015\/runaug-venas\/\" class=\"yoast-seo-meta-tag\" \/>\n<meta property=\"og:locale\" content=\"nb_NO\" class=\"yoast-seo-meta-tag\" \/>\n<meta property=\"og:type\" content=\"article\" class=\"yoast-seo-meta-tag\" \/>\n<meta property=\"og:title\" content=\"Runaug Ven\u00e5s - Diktardagar 2016\" class=\"yoast-seo-meta-tag\" \/>\n<meta property=\"og:description\" content=\"\u00c5rets Diktardagarutstillar, Runaug Ven\u00e5s \u00a0(1968), er opphavleg fr\u00e5 Garmo i Lom. Ho er utdanna ved Kunsth\u00f8gskolen i Oslo og Oslo teikne- og malerskole. Runaug bur n\u00e5 saman med familien sin i Gvarv i Telemark. Bileta hennar viser ofte natur i endring. Motiva er abstraherte landskap, eller bilete som ber preg av spesielle hendingar eller katastrofar.&hellip;\" class=\"yoast-seo-meta-tag\" \/>\n<meta property=\"og:url\" content=\"https:\/\/diktardagar.no\/2016\/tidlegare\/diktardagar2015\/runaug-venas\/\" class=\"yoast-seo-meta-tag\" \/>\n<meta property=\"og:site_name\" content=\"Diktardagar 2016\" class=\"yoast-seo-meta-tag\" \/>\n<meta property=\"article:modified_time\" content=\"2015-07-23T15:02:07+00:00\" class=\"yoast-seo-meta-tag\" \/>\n<meta property=\"og:image\" content=\"https:\/\/diktardagar.no\/2016\/wp-content\/uploads\/sites\/10\/2015\/07\/runaug-1024-compressed1.jpg\" class=\"yoast-seo-meta-tag\" \/>\n\t<meta property=\"og:image:width\" content=\"1024\" class=\"yoast-seo-meta-tag\" \/>\n\t<meta property=\"og:image:height\" content=\"1048\" class=\"yoast-seo-meta-tag\" \/>\n\t<meta property=\"og:image:type\" content=\"image\/jpeg\" class=\"yoast-seo-meta-tag\" \/>\n<meta name=\"twitter:card\" content=\"summary_large_image\" class=\"yoast-seo-meta-tag\" \/>\n<meta name=\"twitter:label1\" content=\"Ansl. lesetid\" class=\"yoast-seo-meta-tag\" \/>\n\t<meta name=\"twitter:data1\" content=\"1 minutt\" class=\"yoast-seo-meta-tag\" \/>\n<script type=\"application\/ld+json\" class=\"yoast-schema-graph\">{\"@context\":\"https:\\\/\\\/schema.org\",\"@graph\":[{\"@type\":\"WebPage\",\"@id\":\"https:\\\/\\\/diktardagar.no\\\/2016\\\/tidlegare\\\/diktardagar2015\\\/runaug-venas\\\/\",\"url\":\"https:\\\/\\\/diktardagar.no\\\/2016\\\/tidlegare\\\/diktardagar2015\\\/runaug-venas\\\/\",\"name\":\"Runaug Ven\u00e5s - Diktardagar 2016\",\"isPartOf\":{\"@id\":\"https:\\\/\\\/diktardagar.no\\\/2016\\\/#website\"},\"primaryImageOfPage\":{\"@id\":\"https:\\\/\\\/diktardagar.no\\\/2016\\\/tidlegare\\\/diktardagar2015\\\/runaug-venas\\\/#primaryimage\"},\"image\":{\"@id\":\"https:\\\/\\\/diktardagar.no\\\/2016\\\/tidlegare\\\/diktardagar2015\\\/runaug-venas\\\/#primaryimage\"},\"thumbnailUrl\":\"https:\\\/\\\/diktardagar.no\\\/2016\\\/wp-content\\\/uploads\\\/sites\\\/10\\\/2015\\\/07\\\/runaug-1024-compressed1.jpg\",\"datePublished\":\"2015-07-12T07:18:05+00:00\",\"dateModified\":\"2015-07-23T15:02:07+00:00\",\"breadcrumb\":{\"@id\":\"https:\\\/\\\/diktardagar.no\\\/2016\\\/tidlegare\\\/diktardagar2015\\\/runaug-venas\\\/#breadcrumb\"},\"inLanguage\":\"nb-NO\",\"potentialAction\":[{\"@type\":\"ReadAction\",\"target\":[\"https:\\\/\\\/diktardagar.no\\\/2016\\\/tidlegare\\\/diktardagar2015\\\/runaug-venas\\\/\"]}]},{\"@type\":\"ImageObject\",\"inLanguage\":\"nb-NO\",\"@id\":\"https:\\\/\\\/diktardagar.no\\\/2016\\\/tidlegare\\\/diktardagar2015\\\/runaug-venas\\\/#primaryimage\",\"url\":\"https:\\\/\\\/diktardagar.no\\\/2016\\\/wp-content\\\/uploads\\\/sites\\\/10\\\/2015\\\/07\\\/runaug-1024-compressed1.jpg\",\"contentUrl\":\"https:\\\/\\\/diktardagar.no\\\/2016\\\/wp-content\\\/uploads\\\/sites\\\/10\\\/2015\\\/07\\\/runaug-1024-compressed1.jpg\",\"width\":1024,\"height\":1048,\"caption\":\"Runaug Ven\u00e5s\"},{\"@type\":\"BreadcrumbList\",\"@id\":\"https:\\\/\\\/diktardagar.no\\\/2016\\\/tidlegare\\\/diktardagar2015\\\/runaug-venas\\\/#breadcrumb\",\"itemListElement\":[{\"@type\":\"ListItem\",\"position\":1,\"name\":\"Hjem\",\"item\":\"https:\\\/\\\/diktardagar.no\\\/2016\\\/\"},{\"@type\":\"ListItem\",\"position\":2,\"name\":\"Tidlegare diktardagar\",\"item\":\"https:\\\/\\\/diktardagar.no\\\/2016\\\/tidlegare\\\/\"},{\"@type\":\"ListItem\",\"position\":3,\"name\":\"Diktardagar 2015\",\"item\":\"https:\\\/\\\/diktardagar.no\\\/2016\\\/tidlegare\\\/diktardagar2015\\\/\"},{\"@type\":\"ListItem\",\"position\":4,\"name\":\"Runaug Ven\u00e5s\"}]},{\"@type\":\"WebSite\",\"@id\":\"https:\\\/\\\/diktardagar.no\\\/2016\\\/#website\",\"url\":\"https:\\\/\\\/diktardagar.no\\\/2016\\\/\",\"name\":\"Diktardagar 2016\",\"description\":\"\",\"potentialAction\":[{\"@type\":\"SearchAction\",\"target\":{\"@type\":\"EntryPoint\",\"urlTemplate\":\"https:\\\/\\\/diktardagar.no\\\/2016\\\/?s={search_term_string}\"},\"query-input\":{\"@type\":\"PropertyValueSpecification\",\"valueRequired\":true,\"valueName\":\"search_term_string\"}}],\"inLanguage\":\"nb-NO\"}]}<\/script>\n<!-- \/ Yoast SEO plugin. -->","yoast_head_json":{"title":"Runaug Ven\u00e5s - Diktardagar 2016","robots":{"index":"index","follow":"follow","max-snippet":"max-snippet:-1","max-image-preview":"max-image-preview:large","max-video-preview":"max-video-preview:-1"},"canonical":"https:\/\/diktardagar.no\/2016\/tidlegare\/diktardagar2015\/runaug-venas\/","og_locale":"nb_NO","og_type":"article","og_title":"Runaug Ven\u00e5s - Diktardagar 2016","og_description":"\u00c5rets Diktardagarutstillar, Runaug Ven\u00e5s \u00a0(1968), er opphavleg fr\u00e5 Garmo i Lom. Ho er utdanna ved Kunsth\u00f8gskolen i Oslo og Oslo teikne- og malerskole. Runaug bur n\u00e5 saman med familien sin i Gvarv i Telemark. Bileta hennar viser ofte natur i endring. Motiva er abstraherte landskap, eller bilete som ber preg av spesielle hendingar eller katastrofar.&hellip;","og_url":"https:\/\/diktardagar.no\/2016\/tidlegare\/diktardagar2015\/runaug-venas\/","og_site_name":"Diktardagar 2016","article_modified_time":"2015-07-23T15:02:07+00:00","og_image":[{"width":1024,"height":1048,"url":"https:\/\/diktardagar.no\/2016\/wp-content\/uploads\/sites\/10\/2015\/07\/runaug-1024-compressed1.jpg","type":"image\/jpeg"}],"twitter_card":"summary_large_image","twitter_misc":{"Ansl. lesetid":"1 minutt"},"schema":{"@context":"https:\/\/schema.org","@graph":[{"@type":"WebPage","@id":"https:\/\/diktardagar.no\/2016\/tidlegare\/diktardagar2015\/runaug-venas\/","url":"https:\/\/diktardagar.no\/2016\/tidlegare\/diktardagar2015\/runaug-venas\/","name":"Runaug Ven\u00e5s - Diktardagar 2016","isPartOf":{"@id":"https:\/\/diktardagar.no\/2016\/#website"},"primaryImageOfPage":{"@id":"https:\/\/diktardagar.no\/2016\/tidlegare\/diktardagar2015\/runaug-venas\/#primaryimage"},"image":{"@id":"https:\/\/diktardagar.no\/2016\/tidlegare\/diktardagar2015\/runaug-venas\/#primaryimage"},"thumbnailUrl":"https:\/\/diktardagar.no\/2016\/wp-content\/uploads\/sites\/10\/2015\/07\/runaug-1024-compressed1.jpg","datePublished":"2015-07-12T07:18:05+00:00","dateModified":"2015-07-23T15:02:07+00:00","breadcrumb":{"@id":"https:\/\/diktardagar.no\/2016\/tidlegare\/diktardagar2015\/runaug-venas\/#breadcrumb"},"inLanguage":"nb-NO","potentialAction":[{"@type":"ReadAction","target":["https:\/\/diktardagar.no\/2016\/tidlegare\/diktardagar2015\/runaug-venas\/"]}]},{"@type":"ImageObject","inLanguage":"nb-NO","@id":"https:\/\/diktardagar.no\/2016\/tidlegare\/diktardagar2015\/runaug-venas\/#primaryimage","url":"https:\/\/diktardagar.no\/2016\/wp-content\/uploads\/sites\/10\/2015\/07\/runaug-1024-compressed1.jpg","contentUrl":"https:\/\/diktardagar.no\/2016\/wp-content\/uploads\/sites\/10\/2015\/07\/runaug-1024-compressed1.jpg","width":1024,"height":1048,"caption":"Runaug Ven\u00e5s"},{"@type":"BreadcrumbList","@id":"https:\/\/diktardagar.no\/2016\/tidlegare\/diktardagar2015\/runaug-venas\/#breadcrumb","itemListElement":[{"@type":"ListItem","position":1,"name":"Hjem","item":"https:\/\/diktardagar.no\/2016\/"},{"@type":"ListItem","position":2,"name":"Tidlegare diktardagar","item":"https:\/\/diktardagar.no\/2016\/tidlegare\/"},{"@type":"ListItem","position":3,"name":"Diktardagar 2015","item":"https:\/\/diktardagar.no\/2016\/tidlegare\/diktardagar2015\/"},{"@type":"ListItem","position":4,"name":"Runaug Ven\u00e5s"}]},{"@type":"WebSite","@id":"https:\/\/diktardagar.no\/2016\/#website","url":"https:\/\/diktardagar.no\/2016\/","name":"Diktardagar 2016","description":"","potentialAction":[{"@type":"SearchAction","target":{"@type":"EntryPoint","urlTemplate":"https:\/\/diktardagar.no\/2016\/?s={search_term_string}"},"query-input":{"@type":"PropertyValueSpecification","valueRequired":true,"valueName":"search_term_string"}}],"inLanguage":"nb-NO"}]}},"_links":{"self":[{"href":"https:\/\/diktardagar.no\/2016\/wp-json\/wp\/v2\/pages\/760","targetHints":{"allow":["GET"]}}],"collection":[{"href":"https:\/\/diktardagar.no\/2016\/wp-json\/wp\/v2\/pages"}],"about":[{"href":"https:\/\/diktardagar.no\/2016\/wp-json\/wp\/v2\/types\/page"}],"author":[{"embeddable":true,"href":"https:\/\/diktardagar.no\/2016\/wp-json\/wp\/v2\/users\/1"}],"replies":[{"embeddable":true,"href":"https:\/\/diktardagar.no\/2016\/wp-json\/wp\/v2\/comments?post=760"}],"version-history":[{"count":7,"href":"https:\/\/diktardagar.no\/2016\/wp-json\/wp\/v2\/pages\/760\/revisions"}],"predecessor-version":[{"id":852,"href":"https:\/\/diktardagar.no\/2016\/wp-json\/wp\/v2\/pages\/760\/revisions\/852"}],"up":[{"embeddable":true,"href":"https:\/\/diktardagar.no\/2016\/wp-json\/wp\/v2\/pages\/45"}],"wp:featuredmedia":[{"embeddable":true,"href":"https:\/\/diktardagar.no\/2016\/wp-json\/wp\/v2\/media\/761"}],"wp:attachment":[{"href":"https:\/\/diktardagar.no\/2016\/wp-json\/wp\/v2\/media?parent=760"}],"curies":[{"name":"wp","href":"https:\/\/api.w.org\/{rel}","templated":true}]}}