{"id":1188,"date":"2016-04-25T13:10:55","date_gmt":"2016-04-25T11:10:55","guid":{"rendered":"https:\/\/diktardagar.no\/2016\/?page_id=1188"},"modified":"2016-04-25T13:12:48","modified_gmt":"2016-04-25T11:12:48","slug":"kjartan-flogstad-fabulerande-realist","status":"publish","type":"page","link":"https:\/\/diktardagar.no\/2016\/kjartan-flogstad-fabulerande-realist\/","title":{"rendered":"Kjartan Fl\u00f8gstad  &#8211; fabulerande realist"},"content":{"rendered":"<p>Kjartan Fl\u00f8gstad er f\u00f8dd i Sauda i 1944, og bur n\u00e5 i Oslo. Han studerte litteratur- og spr\u00e5kvitskap ved Universitetet i ergen.\u00a0 Kjartan Fl\u00f8gstad var ei tid fabrikkarbeidar heime i Sauda f\u00f8r han m\u00f8nstra p\u00e5 norske lasteskip som sm\u00f8rar. Som sj\u00f8mann reiste han til ulike delar av verda, spesielt i Latin-Amerika, og erfaringane fr\u00e5 dette enorme kontinentet skulle f\u00e5 ein vesentleg innverknad p\u00e5 forfatterskapen. Han debuterte i 1968 med diktsamlinga Valfart, og har sidan skrive over 20 romanar, mange essaysamlingar, dikt, skodesspel og biografiar. Kjartan Fl\u00f8gstad har motteke Aschehougprisen, Nordisk R\u00e5ds litteraturpris, Kritikerprisen, Noregs M\u00e5llags pris, Brageprisen og Gyldendalprisen. I 2008 fekk han Brages hederspris. Under Diktardagar 2016 deltek han p\u00e5 seminaret og\u00a0 bokbadet.<\/p>\n","protected":false},"excerpt":{"rendered":"<p>Kjartan Fl\u00f8gstad er f\u00f8dd i Sauda i 1944, og bur n\u00e5 i Oslo. Han studerte litteratur- og spr\u00e5kvitskap ved Universitetet i ergen.\u00a0 Kjartan Fl\u00f8gstad var ei tid fabrikkarbeidar heime i Sauda f\u00f8r han m\u00f8nstra p\u00e5 norske lasteskip som sm\u00f8rar. Som sj\u00f8mann reiste han til ulike delar av verda, spesielt i Latin-Amerika, og erfaringane fr\u00e5 dette&hellip;<\/p>\n","protected":false},"author":3,"featured_media":1189,"parent":0,"menu_order":2,"comment_status":"closed","ping_status":"closed","template":"","meta":{"footnotes":""},"class_list":["post-1188","page","type-page","status-publish","has-post-thumbnail","hentry"],"yoast_head":"<!-- This site is optimized with the Yoast SEO plugin v27.5 - https:\/\/yoast.com\/product\/yoast-seo-wordpress\/ -->\n<title>Kjartan Fl\u00f8gstad - fabulerande realist - Diktardagar 2016<\/title>\n<meta name=\"robots\" content=\"index, follow, max-snippet:-1, max-image-preview:large, max-video-preview:-1\" \/>\n<link rel=\"canonical\" href=\"https:\/\/diktardagar.no\/2016\/kjartan-flogstad-fabulerande-realist\/\" class=\"yoast-seo-meta-tag\" \/>\n<meta property=\"og:locale\" content=\"nb_NO\" class=\"yoast-seo-meta-tag\" \/>\n<meta property=\"og:type\" content=\"article\" class=\"yoast-seo-meta-tag\" \/>\n<meta property=\"og:title\" content=\"Kjartan Fl\u00f8gstad - fabulerande realist - Diktardagar 2016\" class=\"yoast-seo-meta-tag\" \/>\n<meta property=\"og:description\" content=\"Kjartan Fl\u00f8gstad er f\u00f8dd i Sauda i 1944, og bur n\u00e5 i Oslo. Han studerte litteratur- og spr\u00e5kvitskap ved Universitetet i ergen.\u00a0 Kjartan Fl\u00f8gstad var ei tid fabrikkarbeidar heime i Sauda f\u00f8r han m\u00f8nstra p\u00e5 norske lasteskip som sm\u00f8rar. Som sj\u00f8mann reiste han til ulike delar av verda, spesielt i Latin-Amerika, og erfaringane fr\u00e5 dette&hellip;\" class=\"yoast-seo-meta-tag\" \/>\n<meta property=\"og:url\" content=\"https:\/\/diktardagar.no\/2016\/kjartan-flogstad-fabulerande-realist\/\" class=\"yoast-seo-meta-tag\" \/>\n<meta property=\"og:site_name\" content=\"Diktardagar 2016\" class=\"yoast-seo-meta-tag\" \/>\n<meta property=\"article:modified_time\" content=\"2016-04-25T11:12:48+00:00\" class=\"yoast-seo-meta-tag\" \/>\n<meta property=\"og:image\" content=\"https:\/\/diktardagar.no\/2016\/wp-content\/uploads\/sites\/10\/2016\/04\/Floegstad-Kjartan_productimage-1.jpg\" class=\"yoast-seo-meta-tag\" \/>\n\t<meta property=\"og:image:width\" content=\"178\" class=\"yoast-seo-meta-tag\" \/>\n\t<meta property=\"og:image:height\" content=\"256\" class=\"yoast-seo-meta-tag\" \/>\n\t<meta property=\"og:image:type\" content=\"image\/jpeg\" class=\"yoast-seo-meta-tag\" \/>\n<meta name=\"twitter:card\" content=\"summary_large_image\" class=\"yoast-seo-meta-tag\" \/>\n<meta name=\"twitter:label1\" content=\"Ansl. lesetid\" class=\"yoast-seo-meta-tag\" \/>\n\t<meta name=\"twitter:data1\" content=\"1 minutt\" class=\"yoast-seo-meta-tag\" \/>\n<script type=\"application\/ld+json\" class=\"yoast-schema-graph\">{\"@context\":\"https:\\\/\\\/schema.org\",\"@graph\":[{\"@type\":\"WebPage\",\"@id\":\"https:\\\/\\\/diktardagar.no\\\/2016\\\/kjartan-flogstad-fabulerande-realist\\\/\",\"url\":\"https:\\\/\\\/diktardagar.no\\\/2016\\\/kjartan-flogstad-fabulerande-realist\\\/\",\"name\":\"Kjartan Fl\u00f8gstad - fabulerande realist - Diktardagar 2016\",\"isPartOf\":{\"@id\":\"https:\\\/\\\/diktardagar.no\\\/2016\\\/#website\"},\"primaryImageOfPage\":{\"@id\":\"https:\\\/\\\/diktardagar.no\\\/2016\\\/kjartan-flogstad-fabulerande-realist\\\/#primaryimage\"},\"image\":{\"@id\":\"https:\\\/\\\/diktardagar.no\\\/2016\\\/kjartan-flogstad-fabulerande-realist\\\/#primaryimage\"},\"thumbnailUrl\":\"https:\\\/\\\/diktardagar.no\\\/2016\\\/wp-content\\\/uploads\\\/sites\\\/10\\\/2016\\\/04\\\/Floegstad-Kjartan_productimage-1.jpg\",\"datePublished\":\"2016-04-25T11:10:55+00:00\",\"dateModified\":\"2016-04-25T11:12:48+00:00\",\"breadcrumb\":{\"@id\":\"https:\\\/\\\/diktardagar.no\\\/2016\\\/kjartan-flogstad-fabulerande-realist\\\/#breadcrumb\"},\"inLanguage\":\"nb-NO\",\"potentialAction\":[{\"@type\":\"ReadAction\",\"target\":[\"https:\\\/\\\/diktardagar.no\\\/2016\\\/kjartan-flogstad-fabulerande-realist\\\/\"]}]},{\"@type\":\"ImageObject\",\"inLanguage\":\"nb-NO\",\"@id\":\"https:\\\/\\\/diktardagar.no\\\/2016\\\/kjartan-flogstad-fabulerande-realist\\\/#primaryimage\",\"url\":\"https:\\\/\\\/diktardagar.no\\\/2016\\\/wp-content\\\/uploads\\\/sites\\\/10\\\/2016\\\/04\\\/Floegstad-Kjartan_productimage-1.jpg\",\"contentUrl\":\"https:\\\/\\\/diktardagar.no\\\/2016\\\/wp-content\\\/uploads\\\/sites\\\/10\\\/2016\\\/04\\\/Floegstad-Kjartan_productimage-1.jpg\",\"width\":178,\"height\":256,\"caption\":\"Kjartan Fl\u00f8gstad\"},{\"@type\":\"BreadcrumbList\",\"@id\":\"https:\\\/\\\/diktardagar.no\\\/2016\\\/kjartan-flogstad-fabulerande-realist\\\/#breadcrumb\",\"itemListElement\":[{\"@type\":\"ListItem\",\"position\":1,\"name\":\"Hjem\",\"item\":\"https:\\\/\\\/diktardagar.no\\\/2016\\\/\"},{\"@type\":\"ListItem\",\"position\":2,\"name\":\"Kjartan Fl\u00f8gstad &#8211; fabulerande realist\"}]},{\"@type\":\"WebSite\",\"@id\":\"https:\\\/\\\/diktardagar.no\\\/2016\\\/#website\",\"url\":\"https:\\\/\\\/diktardagar.no\\\/2016\\\/\",\"name\":\"Diktardagar 2016\",\"description\":\"\",\"potentialAction\":[{\"@type\":\"SearchAction\",\"target\":{\"@type\":\"EntryPoint\",\"urlTemplate\":\"https:\\\/\\\/diktardagar.no\\\/2016\\\/?s={search_term_string}\"},\"query-input\":{\"@type\":\"PropertyValueSpecification\",\"valueRequired\":true,\"valueName\":\"search_term_string\"}}],\"inLanguage\":\"nb-NO\"}]}<\/script>\n<!-- \/ Yoast SEO plugin. -->","yoast_head_json":{"title":"Kjartan Fl\u00f8gstad - fabulerande realist - Diktardagar 2016","robots":{"index":"index","follow":"follow","max-snippet":"max-snippet:-1","max-image-preview":"max-image-preview:large","max-video-preview":"max-video-preview:-1"},"canonical":"https:\/\/diktardagar.no\/2016\/kjartan-flogstad-fabulerande-realist\/","og_locale":"nb_NO","og_type":"article","og_title":"Kjartan Fl\u00f8gstad - fabulerande realist - Diktardagar 2016","og_description":"Kjartan Fl\u00f8gstad er f\u00f8dd i Sauda i 1944, og bur n\u00e5 i Oslo. Han studerte litteratur- og spr\u00e5kvitskap ved Universitetet i ergen.\u00a0 Kjartan Fl\u00f8gstad var ei tid fabrikkarbeidar heime i Sauda f\u00f8r han m\u00f8nstra p\u00e5 norske lasteskip som sm\u00f8rar. Som sj\u00f8mann reiste han til ulike delar av verda, spesielt i Latin-Amerika, og erfaringane fr\u00e5 dette&hellip;","og_url":"https:\/\/diktardagar.no\/2016\/kjartan-flogstad-fabulerande-realist\/","og_site_name":"Diktardagar 2016","article_modified_time":"2016-04-25T11:12:48+00:00","og_image":[{"width":178,"height":256,"url":"https:\/\/diktardagar.no\/2016\/wp-content\/uploads\/sites\/10\/2016\/04\/Floegstad-Kjartan_productimage-1.jpg","type":"image\/jpeg"}],"twitter_card":"summary_large_image","twitter_misc":{"Ansl. lesetid":"1 minutt"},"schema":{"@context":"https:\/\/schema.org","@graph":[{"@type":"WebPage","@id":"https:\/\/diktardagar.no\/2016\/kjartan-flogstad-fabulerande-realist\/","url":"https:\/\/diktardagar.no\/2016\/kjartan-flogstad-fabulerande-realist\/","name":"Kjartan Fl\u00f8gstad - fabulerande realist - Diktardagar 2016","isPartOf":{"@id":"https:\/\/diktardagar.no\/2016\/#website"},"primaryImageOfPage":{"@id":"https:\/\/diktardagar.no\/2016\/kjartan-flogstad-fabulerande-realist\/#primaryimage"},"image":{"@id":"https:\/\/diktardagar.no\/2016\/kjartan-flogstad-fabulerande-realist\/#primaryimage"},"thumbnailUrl":"https:\/\/diktardagar.no\/2016\/wp-content\/uploads\/sites\/10\/2016\/04\/Floegstad-Kjartan_productimage-1.jpg","datePublished":"2016-04-25T11:10:55+00:00","dateModified":"2016-04-25T11:12:48+00:00","breadcrumb":{"@id":"https:\/\/diktardagar.no\/2016\/kjartan-flogstad-fabulerande-realist\/#breadcrumb"},"inLanguage":"nb-NO","potentialAction":[{"@type":"ReadAction","target":["https:\/\/diktardagar.no\/2016\/kjartan-flogstad-fabulerande-realist\/"]}]},{"@type":"ImageObject","inLanguage":"nb-NO","@id":"https:\/\/diktardagar.no\/2016\/kjartan-flogstad-fabulerande-realist\/#primaryimage","url":"https:\/\/diktardagar.no\/2016\/wp-content\/uploads\/sites\/10\/2016\/04\/Floegstad-Kjartan_productimage-1.jpg","contentUrl":"https:\/\/diktardagar.no\/2016\/wp-content\/uploads\/sites\/10\/2016\/04\/Floegstad-Kjartan_productimage-1.jpg","width":178,"height":256,"caption":"Kjartan Fl\u00f8gstad"},{"@type":"BreadcrumbList","@id":"https:\/\/diktardagar.no\/2016\/kjartan-flogstad-fabulerande-realist\/#breadcrumb","itemListElement":[{"@type":"ListItem","position":1,"name":"Hjem","item":"https:\/\/diktardagar.no\/2016\/"},{"@type":"ListItem","position":2,"name":"Kjartan Fl\u00f8gstad &#8211; fabulerande realist"}]},{"@type":"WebSite","@id":"https:\/\/diktardagar.no\/2016\/#website","url":"https:\/\/diktardagar.no\/2016\/","name":"Diktardagar 2016","description":"","potentialAction":[{"@type":"SearchAction","target":{"@type":"EntryPoint","urlTemplate":"https:\/\/diktardagar.no\/2016\/?s={search_term_string}"},"query-input":{"@type":"PropertyValueSpecification","valueRequired":true,"valueName":"search_term_string"}}],"inLanguage":"nb-NO"}]}},"_links":{"self":[{"href":"https:\/\/diktardagar.no\/2016\/wp-json\/wp\/v2\/pages\/1188","targetHints":{"allow":["GET"]}}],"collection":[{"href":"https:\/\/diktardagar.no\/2016\/wp-json\/wp\/v2\/pages"}],"about":[{"href":"https:\/\/diktardagar.no\/2016\/wp-json\/wp\/v2\/types\/page"}],"author":[{"embeddable":true,"href":"https:\/\/diktardagar.no\/2016\/wp-json\/wp\/v2\/users\/3"}],"replies":[{"embeddable":true,"href":"https:\/\/diktardagar.no\/2016\/wp-json\/wp\/v2\/comments?post=1188"}],"version-history":[{"count":1,"href":"https:\/\/diktardagar.no\/2016\/wp-json\/wp\/v2\/pages\/1188\/revisions"}],"predecessor-version":[{"id":1190,"href":"https:\/\/diktardagar.no\/2016\/wp-json\/wp\/v2\/pages\/1188\/revisions\/1190"}],"wp:featuredmedia":[{"embeddable":true,"href":"https:\/\/diktardagar.no\/2016\/wp-json\/wp\/v2\/media\/1189"}],"wp:attachment":[{"href":"https:\/\/diktardagar.no\/2016\/wp-json\/wp\/v2\/media?parent=1188"}],"curies":[{"name":"wp","href":"https:\/\/api.w.org\/{rel}","templated":true}]}}