{"id":212,"date":"2014-04-30T10:29:25","date_gmt":"2014-04-30T08:29:25","guid":{"rendered":"https:\/\/diktardagar.no\/2015\/?page_id=212"},"modified":"2014-04-30T10:29:25","modified_gmt":"2014-04-30T08:29:25","slug":"lomskyrkja","status":"publish","type":"page","link":"https:\/\/diktardagar.no\/2015\/tidlegare\/diktardagar2015\/stadar-2015\/lomskyrkja\/","title":{"rendered":"Lomskyrkja"},"content":{"rendered":"<p><a href=\"https:\/\/diktardagar.no\/2015\/wp-content\/uploads\/sites\/11\/2014\/04\/lomskyrkja.jpg\"><img loading=\"lazy\" decoding=\"async\" class=\"alignleft wp-image-213 size-medium\" src=\"https:\/\/diktardagar.no\/2015\/wp-content\/uploads\/sites\/11\/2014\/04\/lomskyrkja-201x300.jpg\" alt=\"lomskyrkja\" width=\"201\" height=\"300\" srcset=\"https:\/\/diktardagar.no\/2015\/wp-content\/uploads\/sites\/11\/2014\/04\/lomskyrkja-201x300.jpg 201w, https:\/\/diktardagar.no\/2015\/wp-content\/uploads\/sites\/11\/2014\/04\/lomskyrkja.jpg 536w\" sizes=\"auto, (max-width: 201px) 100vw, 201px\" \/><\/a>Lomskyrkja, eller Lom stavkyrkje er hovudkyrkja i Lom. Stavkyrkja har runda 850 \u00e5r og er ei av dei staselegaste og mest bes\u00f8kte stavkyrkjene i landet. Lomskyrkja framleis i bruk som soknekyrkje i Lom. Det har ho vore utan avbrot sidan ho var ny. I tillegg til \u00e5 vera soknekyrkje og arena under Diktardagar 2011 er ho i sommarsesongen ogs\u00e5 open for turistar dagleg med omvising p\u00e5 fleire spr\u00e5k.<\/p>\n","protected":false},"excerpt":{"rendered":"<p>Lomskyrkja, eller Lom stavkyrkje er hovudkyrkja i Lom. Stavkyrkja har runda 850 \u00e5r og er ei av dei staselegaste og mest bes\u00f8kte stavkyrkjene i landet. Lomskyrkja framleis i bruk som soknekyrkje i Lom. Det har ho vore utan avbrot sidan ho var ny. I tillegg til \u00e5 vera soknekyrkje og arena under Diktardagar 2011 er&hellip;<\/p>\n","protected":false},"author":2,"featured_media":0,"parent":67,"menu_order":0,"comment_status":"closed","ping_status":"open","template":"","meta":{"footnotes":""},"class_list":["post-212","page","type-page","status-publish","hentry"],"yoast_head":"<!-- This site is optimized with the Yoast SEO plugin v27.3 - https:\/\/yoast.com\/product\/yoast-seo-wordpress\/ -->\n<title>Lomskyrkja - Diktardagar 2015<\/title>\n<meta name=\"robots\" content=\"index, follow, max-snippet:-1, max-image-preview:large, max-video-preview:-1\" \/>\n<link rel=\"canonical\" href=\"https:\/\/diktardagar.no\/2015\/tidlegare\/diktardagar2015\/stadar-2015\/lomskyrkja\/\" class=\"yoast-seo-meta-tag\" \/>\n<meta property=\"og:locale\" content=\"nb_NO\" class=\"yoast-seo-meta-tag\" \/>\n<meta property=\"og:type\" content=\"article\" class=\"yoast-seo-meta-tag\" \/>\n<meta property=\"og:title\" content=\"Lomskyrkja - Diktardagar 2015\" class=\"yoast-seo-meta-tag\" \/>\n<meta property=\"og:description\" content=\"Lomskyrkja, eller Lom stavkyrkje er hovudkyrkja i Lom. Stavkyrkja har runda 850 \u00e5r og er ei av dei staselegaste og mest bes\u00f8kte stavkyrkjene i landet. Lomskyrkja framleis i bruk som soknekyrkje i Lom. Det har ho vore utan avbrot sidan ho var ny. I tillegg til \u00e5 vera soknekyrkje og arena under Diktardagar 2011 er&hellip;\" class=\"yoast-seo-meta-tag\" \/>\n<meta property=\"og:url\" content=\"https:\/\/diktardagar.no\/2015\/tidlegare\/diktardagar2015\/stadar-2015\/lomskyrkja\/\" class=\"yoast-seo-meta-tag\" \/>\n<meta property=\"og:site_name\" content=\"Diktardagar 2015\" class=\"yoast-seo-meta-tag\" \/>\n<meta property=\"og:image\" content=\"https:\/\/diktardagar.no\/2015\/wp-content\/uploads\/sites\/11\/2014\/04\/lomskyrkja-201x300.jpg\" class=\"yoast-seo-meta-tag\" \/>\n<meta name=\"twitter:card\" content=\"summary_large_image\" class=\"yoast-seo-meta-tag\" \/>\n<script type=\"application\/ld+json\" class=\"yoast-schema-graph\">{\"@context\":\"https:\\\/\\\/schema.org\",\"@graph\":[{\"@type\":\"WebPage\",\"@id\":\"https:\\\/\\\/diktardagar.no\\\/2015\\\/tidlegare\\\/diktardagar2015\\\/stadar-2015\\\/lomskyrkja\\\/\",\"url\":\"https:\\\/\\\/diktardagar.no\\\/2015\\\/tidlegare\\\/diktardagar2015\\\/stadar-2015\\\/lomskyrkja\\\/\",\"name\":\"Lomskyrkja - Diktardagar 2015\",\"isPartOf\":{\"@id\":\"https:\\\/\\\/diktardagar.no\\\/2015\\\/#website\"},\"primaryImageOfPage\":{\"@id\":\"https:\\\/\\\/diktardagar.no\\\/2015\\\/tidlegare\\\/diktardagar2015\\\/stadar-2015\\\/lomskyrkja\\\/#primaryimage\"},\"image\":{\"@id\":\"https:\\\/\\\/diktardagar.no\\\/2015\\\/tidlegare\\\/diktardagar2015\\\/stadar-2015\\\/lomskyrkja\\\/#primaryimage\"},\"thumbnailUrl\":\"https:\\\/\\\/diktardagar.no\\\/2015\\\/wp-content\\\/uploads\\\/sites\\\/11\\\/2014\\\/04\\\/lomskyrkja-201x300.jpg\",\"datePublished\":\"2014-04-30T08:29:25+00:00\",\"breadcrumb\":{\"@id\":\"https:\\\/\\\/diktardagar.no\\\/2015\\\/tidlegare\\\/diktardagar2015\\\/stadar-2015\\\/lomskyrkja\\\/#breadcrumb\"},\"inLanguage\":\"nb-NO\",\"potentialAction\":[{\"@type\":\"ReadAction\",\"target\":[\"https:\\\/\\\/diktardagar.no\\\/2015\\\/tidlegare\\\/diktardagar2015\\\/stadar-2015\\\/lomskyrkja\\\/\"]}]},{\"@type\":\"ImageObject\",\"inLanguage\":\"nb-NO\",\"@id\":\"https:\\\/\\\/diktardagar.no\\\/2015\\\/tidlegare\\\/diktardagar2015\\\/stadar-2015\\\/lomskyrkja\\\/#primaryimage\",\"url\":\"https:\\\/\\\/diktardagar.no\\\/2015\\\/wp-content\\\/uploads\\\/sites\\\/11\\\/2014\\\/04\\\/lomskyrkja.jpg\",\"contentUrl\":\"https:\\\/\\\/diktardagar.no\\\/2015\\\/wp-content\\\/uploads\\\/sites\\\/11\\\/2014\\\/04\\\/lomskyrkja.jpg\",\"width\":536,\"height\":800},{\"@type\":\"BreadcrumbList\",\"@id\":\"https:\\\/\\\/diktardagar.no\\\/2015\\\/tidlegare\\\/diktardagar2015\\\/stadar-2015\\\/lomskyrkja\\\/#breadcrumb\",\"itemListElement\":[{\"@type\":\"ListItem\",\"position\":1,\"name\":\"Hjem\",\"item\":\"https:\\\/\\\/diktardagar.no\\\/2015\\\/\"},{\"@type\":\"ListItem\",\"position\":2,\"name\":\"Tidlegare diktardagar\",\"item\":\"https:\\\/\\\/diktardagar.no\\\/2015\\\/tidlegare\\\/\"},{\"@type\":\"ListItem\",\"position\":3,\"name\":\"Diktardagar 2015\",\"item\":\"https:\\\/\\\/diktardagar.no\\\/2015\\\/tidlegare\\\/diktardagar2015\\\/\"},{\"@type\":\"ListItem\",\"position\":4,\"name\":\"Stadar 2015\",\"item\":\"https:\\\/\\\/diktardagar.no\\\/2015\\\/tidlegare\\\/diktardagar2015\\\/stadar-2015\\\/\"},{\"@type\":\"ListItem\",\"position\":5,\"name\":\"Lomskyrkja\"}]},{\"@type\":\"WebSite\",\"@id\":\"https:\\\/\\\/diktardagar.no\\\/2015\\\/#website\",\"url\":\"https:\\\/\\\/diktardagar.no\\\/2015\\\/\",\"name\":\"Diktardagar 2015\",\"description\":\"\",\"potentialAction\":[{\"@type\":\"SearchAction\",\"target\":{\"@type\":\"EntryPoint\",\"urlTemplate\":\"https:\\\/\\\/diktardagar.no\\\/2015\\\/?s={search_term_string}\"},\"query-input\":{\"@type\":\"PropertyValueSpecification\",\"valueRequired\":true,\"valueName\":\"search_term_string\"}}],\"inLanguage\":\"nb-NO\"}]}<\/script>\n<!-- \/ Yoast SEO plugin. -->","yoast_head_json":{"title":"Lomskyrkja - Diktardagar 2015","robots":{"index":"index","follow":"follow","max-snippet":"max-snippet:-1","max-image-preview":"max-image-preview:large","max-video-preview":"max-video-preview:-1"},"canonical":"https:\/\/diktardagar.no\/2015\/tidlegare\/diktardagar2015\/stadar-2015\/lomskyrkja\/","og_locale":"nb_NO","og_type":"article","og_title":"Lomskyrkja - Diktardagar 2015","og_description":"Lomskyrkja, eller Lom stavkyrkje er hovudkyrkja i Lom. Stavkyrkja har runda 850 \u00e5r og er ei av dei staselegaste og mest bes\u00f8kte stavkyrkjene i landet. Lomskyrkja framleis i bruk som soknekyrkje i Lom. Det har ho vore utan avbrot sidan ho var ny. I tillegg til \u00e5 vera soknekyrkje og arena under Diktardagar 2011 er&hellip;","og_url":"https:\/\/diktardagar.no\/2015\/tidlegare\/diktardagar2015\/stadar-2015\/lomskyrkja\/","og_site_name":"Diktardagar 2015","og_image":[{"url":"https:\/\/diktardagar.no\/2015\/wp-content\/uploads\/sites\/11\/2014\/04\/lomskyrkja-201x300.jpg","type":"","width":"","height":""}],"twitter_card":"summary_large_image","schema":{"@context":"https:\/\/schema.org","@graph":[{"@type":"WebPage","@id":"https:\/\/diktardagar.no\/2015\/tidlegare\/diktardagar2015\/stadar-2015\/lomskyrkja\/","url":"https:\/\/diktardagar.no\/2015\/tidlegare\/diktardagar2015\/stadar-2015\/lomskyrkja\/","name":"Lomskyrkja - Diktardagar 2015","isPartOf":{"@id":"https:\/\/diktardagar.no\/2015\/#website"},"primaryImageOfPage":{"@id":"https:\/\/diktardagar.no\/2015\/tidlegare\/diktardagar2015\/stadar-2015\/lomskyrkja\/#primaryimage"},"image":{"@id":"https:\/\/diktardagar.no\/2015\/tidlegare\/diktardagar2015\/stadar-2015\/lomskyrkja\/#primaryimage"},"thumbnailUrl":"https:\/\/diktardagar.no\/2015\/wp-content\/uploads\/sites\/11\/2014\/04\/lomskyrkja-201x300.jpg","datePublished":"2014-04-30T08:29:25+00:00","breadcrumb":{"@id":"https:\/\/diktardagar.no\/2015\/tidlegare\/diktardagar2015\/stadar-2015\/lomskyrkja\/#breadcrumb"},"inLanguage":"nb-NO","potentialAction":[{"@type":"ReadAction","target":["https:\/\/diktardagar.no\/2015\/tidlegare\/diktardagar2015\/stadar-2015\/lomskyrkja\/"]}]},{"@type":"ImageObject","inLanguage":"nb-NO","@id":"https:\/\/diktardagar.no\/2015\/tidlegare\/diktardagar2015\/stadar-2015\/lomskyrkja\/#primaryimage","url":"https:\/\/diktardagar.no\/2015\/wp-content\/uploads\/sites\/11\/2014\/04\/lomskyrkja.jpg","contentUrl":"https:\/\/diktardagar.no\/2015\/wp-content\/uploads\/sites\/11\/2014\/04\/lomskyrkja.jpg","width":536,"height":800},{"@type":"BreadcrumbList","@id":"https:\/\/diktardagar.no\/2015\/tidlegare\/diktardagar2015\/stadar-2015\/lomskyrkja\/#breadcrumb","itemListElement":[{"@type":"ListItem","position":1,"name":"Hjem","item":"https:\/\/diktardagar.no\/2015\/"},{"@type":"ListItem","position":2,"name":"Tidlegare diktardagar","item":"https:\/\/diktardagar.no\/2015\/tidlegare\/"},{"@type":"ListItem","position":3,"name":"Diktardagar 2015","item":"https:\/\/diktardagar.no\/2015\/tidlegare\/diktardagar2015\/"},{"@type":"ListItem","position":4,"name":"Stadar 2015","item":"https:\/\/diktardagar.no\/2015\/tidlegare\/diktardagar2015\/stadar-2015\/"},{"@type":"ListItem","position":5,"name":"Lomskyrkja"}]},{"@type":"WebSite","@id":"https:\/\/diktardagar.no\/2015\/#website","url":"https:\/\/diktardagar.no\/2015\/","name":"Diktardagar 2015","description":"","potentialAction":[{"@type":"SearchAction","target":{"@type":"EntryPoint","urlTemplate":"https:\/\/diktardagar.no\/2015\/?s={search_term_string}"},"query-input":{"@type":"PropertyValueSpecification","valueRequired":true,"valueName":"search_term_string"}}],"inLanguage":"nb-NO"}]}},"_links":{"self":[{"href":"https:\/\/diktardagar.no\/2015\/wp-json\/wp\/v2\/pages\/212","targetHints":{"allow":["GET"]}}],"collection":[{"href":"https:\/\/diktardagar.no\/2015\/wp-json\/wp\/v2\/pages"}],"about":[{"href":"https:\/\/diktardagar.no\/2015\/wp-json\/wp\/v2\/types\/page"}],"author":[{"embeddable":true,"href":"https:\/\/diktardagar.no\/2015\/wp-json\/wp\/v2\/users\/2"}],"replies":[{"embeddable":true,"href":"https:\/\/diktardagar.no\/2015\/wp-json\/wp\/v2\/comments?post=212"}],"version-history":[{"count":1,"href":"https:\/\/diktardagar.no\/2015\/wp-json\/wp\/v2\/pages\/212\/revisions"}],"predecessor-version":[{"id":214,"href":"https:\/\/diktardagar.no\/2015\/wp-json\/wp\/v2\/pages\/212\/revisions\/214"}],"up":[{"embeddable":true,"href":"https:\/\/diktardagar.no\/2015\/wp-json\/wp\/v2\/pages\/67"}],"wp:attachment":[{"href":"https:\/\/diktardagar.no\/2015\/wp-json\/wp\/v2\/media?parent=212"}],"curies":[{"name":"wp","href":"https:\/\/api.w.org\/{rel}","templated":true}]}}