{"id":226,"date":"2014-04-30T10:36:23","date_gmt":"2014-04-30T08:36:23","guid":{"rendered":"https:\/\/diktardagar.no\/2014\/?page_id=226"},"modified":"2014-04-30T10:36:23","modified_gmt":"2014-04-30T08:36:23","slug":"presthaugen-friluftsene-og-lom-bygdamuseum","status":"publish","type":"page","link":"https:\/\/diktardagar.no\/2014\/tidlegare\/diktardagar2015\/stadar-2015\/presthaugen-friluftsene-og-lom-bygdamuseum\/","title":{"rendered":"Presthaugen friluftsene og Lom Bygdamuseum"},"content":{"rendered":"<p><a href=\"https:\/\/diktardagar.no\/2014\/wp-content\/uploads\/sites\/12\/2014\/04\/livogrore.jpg\"><img loading=\"lazy\" decoding=\"async\" class=\"alignleft wp-image-126 size-medium\" src=\"https:\/\/diktardagar.no\/2014\/wp-content\/uploads\/sites\/12\/2014\/04\/livogrore-300x200.jpg\" alt=\"livogrore\" width=\"300\" height=\"200\" srcset=\"https:\/\/diktardagar.no\/2014\/wp-content\/uploads\/sites\/12\/2014\/04\/livogrore-300x200.jpg 300w, https:\/\/diktardagar.no\/2014\/wp-content\/uploads\/sites\/12\/2014\/04\/livogrore.jpg 999w\" sizes=\"auto, (max-width: 300px) 100vw, 300px\" \/><\/a>Presthaugen ligg midt i Lom sentrum. Det er ein esker, ein grushaug som breen i si tid har etterlate seg midt i bygda. I dag er det ein skogkledd \u00e5s bak Norsk fjellmuseum og Storstabburet. Storstabburet er ein del av Lom Bygdamuseum, som ligg i Presthaugen. Bygdamuseet er i hovudsak bygt opp som ein gard med husmannsplass og seter fr\u00e5 rundt 1700-talet. Presthaugen inneheld ogs\u00e5 friomr\u00e5de med uteseneanlegg, kiosk og sanit\u00e6ranlegg.<\/p>\n","protected":false},"excerpt":{"rendered":"<p>Presthaugen ligg midt i Lom sentrum. Det er ein esker, ein grushaug som breen i si tid har etterlate seg midt i bygda. I dag er det ein skogkledd \u00e5s bak Norsk fjellmuseum og Storstabburet. Storstabburet er ein del av Lom Bygdamuseum, som ligg i Presthaugen. Bygdamuseet er i hovudsak bygt opp som ein gard&hellip;<\/p>\n","protected":false},"author":2,"featured_media":0,"parent":67,"menu_order":0,"comment_status":"closed","ping_status":"open","template":"","meta":{"footnotes":""},"class_list":["post-226","page","type-page","status-publish","hentry"],"yoast_head":"<!-- This site is optimized with the Yoast SEO plugin v27.5 - https:\/\/yoast.com\/product\/yoast-seo-wordpress\/ -->\n<title>Presthaugen friluftsene og Lom Bygdamuseum - Diktardagar 2014<\/title>\n<meta name=\"robots\" content=\"index, follow, max-snippet:-1, max-image-preview:large, max-video-preview:-1\" \/>\n<link rel=\"canonical\" href=\"https:\/\/diktardagar.no\/2014\/tidlegare\/diktardagar2015\/stadar-2015\/presthaugen-friluftsene-og-lom-bygdamuseum\/\" class=\"yoast-seo-meta-tag\" \/>\n<meta property=\"og:locale\" content=\"nb_NO\" class=\"yoast-seo-meta-tag\" \/>\n<meta property=\"og:type\" content=\"article\" class=\"yoast-seo-meta-tag\" \/>\n<meta property=\"og:title\" content=\"Presthaugen friluftsene og Lom Bygdamuseum - Diktardagar 2014\" class=\"yoast-seo-meta-tag\" \/>\n<meta property=\"og:description\" content=\"Presthaugen ligg midt i Lom sentrum. Det er ein esker, ein grushaug som breen i si tid har etterlate seg midt i bygda. I dag er det ein skogkledd \u00e5s bak Norsk fjellmuseum og Storstabburet. Storstabburet er ein del av Lom Bygdamuseum, som ligg i Presthaugen. Bygdamuseet er i hovudsak bygt opp som ein gard&hellip;\" class=\"yoast-seo-meta-tag\" \/>\n<meta property=\"og:url\" content=\"https:\/\/diktardagar.no\/2014\/tidlegare\/diktardagar2015\/stadar-2015\/presthaugen-friluftsene-og-lom-bygdamuseum\/\" class=\"yoast-seo-meta-tag\" \/>\n<meta property=\"og:site_name\" content=\"Diktardagar 2014\" class=\"yoast-seo-meta-tag\" \/>\n<meta property=\"og:image\" content=\"https:\/\/diktardagar.no\/2014\/wp-content\/uploads\/sites\/12\/2014\/04\/livogrore-300x200.jpg\" class=\"yoast-seo-meta-tag\" \/>\n<meta name=\"twitter:card\" content=\"summary_large_image\" class=\"yoast-seo-meta-tag\" \/>\n<script type=\"application\/ld+json\" class=\"yoast-schema-graph\">{\"@context\":\"https:\\\/\\\/schema.org\",\"@graph\":[{\"@type\":\"WebPage\",\"@id\":\"https:\\\/\\\/diktardagar.no\\\/2014\\\/tidlegare\\\/diktardagar2015\\\/stadar-2015\\\/presthaugen-friluftsene-og-lom-bygdamuseum\\\/\",\"url\":\"https:\\\/\\\/diktardagar.no\\\/2014\\\/tidlegare\\\/diktardagar2015\\\/stadar-2015\\\/presthaugen-friluftsene-og-lom-bygdamuseum\\\/\",\"name\":\"Presthaugen friluftsene og Lom Bygdamuseum - Diktardagar 2014\",\"isPartOf\":{\"@id\":\"https:\\\/\\\/diktardagar.no\\\/2014\\\/#website\"},\"primaryImageOfPage\":{\"@id\":\"https:\\\/\\\/diktardagar.no\\\/2014\\\/tidlegare\\\/diktardagar2015\\\/stadar-2015\\\/presthaugen-friluftsene-og-lom-bygdamuseum\\\/#primaryimage\"},\"image\":{\"@id\":\"https:\\\/\\\/diktardagar.no\\\/2014\\\/tidlegare\\\/diktardagar2015\\\/stadar-2015\\\/presthaugen-friluftsene-og-lom-bygdamuseum\\\/#primaryimage\"},\"thumbnailUrl\":\"https:\\\/\\\/diktardagar.no\\\/2014\\\/wp-content\\\/uploads\\\/sites\\\/12\\\/2014\\\/04\\\/livogrore-300x200.jpg\",\"datePublished\":\"2014-04-30T08:36:23+00:00\",\"breadcrumb\":{\"@id\":\"https:\\\/\\\/diktardagar.no\\\/2014\\\/tidlegare\\\/diktardagar2015\\\/stadar-2015\\\/presthaugen-friluftsene-og-lom-bygdamuseum\\\/#breadcrumb\"},\"inLanguage\":\"nb-NO\",\"potentialAction\":[{\"@type\":\"ReadAction\",\"target\":[\"https:\\\/\\\/diktardagar.no\\\/2014\\\/tidlegare\\\/diktardagar2015\\\/stadar-2015\\\/presthaugen-friluftsene-og-lom-bygdamuseum\\\/\"]}]},{\"@type\":\"ImageObject\",\"inLanguage\":\"nb-NO\",\"@id\":\"https:\\\/\\\/diktardagar.no\\\/2014\\\/tidlegare\\\/diktardagar2015\\\/stadar-2015\\\/presthaugen-friluftsene-og-lom-bygdamuseum\\\/#primaryimage\",\"url\":\"https:\\\/\\\/diktardagar.no\\\/2014\\\/wp-content\\\/uploads\\\/sites\\\/12\\\/2014\\\/04\\\/livogrore.jpg\",\"contentUrl\":\"https:\\\/\\\/diktardagar.no\\\/2014\\\/wp-content\\\/uploads\\\/sites\\\/12\\\/2014\\\/04\\\/livogrore.jpg\",\"width\":999,\"height\":669},{\"@type\":\"BreadcrumbList\",\"@id\":\"https:\\\/\\\/diktardagar.no\\\/2014\\\/tidlegare\\\/diktardagar2015\\\/stadar-2015\\\/presthaugen-friluftsene-og-lom-bygdamuseum\\\/#breadcrumb\",\"itemListElement\":[{\"@type\":\"ListItem\",\"position\":1,\"name\":\"Hjem\",\"item\":\"https:\\\/\\\/diktardagar.no\\\/2014\\\/\"},{\"@type\":\"ListItem\",\"position\":2,\"name\":\"Tidlegare diktardagar\",\"item\":\"https:\\\/\\\/diktardagar.no\\\/2014\\\/tidlegare\\\/\"},{\"@type\":\"ListItem\",\"position\":3,\"name\":\"Diktardagar 2015\",\"item\":\"https:\\\/\\\/diktardagar.no\\\/2014\\\/tidlegare\\\/diktardagar2015\\\/\"},{\"@type\":\"ListItem\",\"position\":4,\"name\":\"Stadar 2015\",\"item\":\"https:\\\/\\\/diktardagar.no\\\/2014\\\/tidlegare\\\/diktardagar2015\\\/stadar-2015\\\/\"},{\"@type\":\"ListItem\",\"position\":5,\"name\":\"Presthaugen friluftsene og Lom Bygdamuseum\"}]},{\"@type\":\"WebSite\",\"@id\":\"https:\\\/\\\/diktardagar.no\\\/2014\\\/#website\",\"url\":\"https:\\\/\\\/diktardagar.no\\\/2014\\\/\",\"name\":\"Diktardagar 2014\",\"description\":\"\",\"potentialAction\":[{\"@type\":\"SearchAction\",\"target\":{\"@type\":\"EntryPoint\",\"urlTemplate\":\"https:\\\/\\\/diktardagar.no\\\/2014\\\/?s={search_term_string}\"},\"query-input\":{\"@type\":\"PropertyValueSpecification\",\"valueRequired\":true,\"valueName\":\"search_term_string\"}}],\"inLanguage\":\"nb-NO\"}]}<\/script>\n<!-- \/ Yoast SEO plugin. -->","yoast_head_json":{"title":"Presthaugen friluftsene og Lom Bygdamuseum - Diktardagar 2014","robots":{"index":"index","follow":"follow","max-snippet":"max-snippet:-1","max-image-preview":"max-image-preview:large","max-video-preview":"max-video-preview:-1"},"canonical":"https:\/\/diktardagar.no\/2014\/tidlegare\/diktardagar2015\/stadar-2015\/presthaugen-friluftsene-og-lom-bygdamuseum\/","og_locale":"nb_NO","og_type":"article","og_title":"Presthaugen friluftsene og Lom Bygdamuseum - Diktardagar 2014","og_description":"Presthaugen ligg midt i Lom sentrum. Det er ein esker, ein grushaug som breen i si tid har etterlate seg midt i bygda. I dag er det ein skogkledd \u00e5s bak Norsk fjellmuseum og Storstabburet. Storstabburet er ein del av Lom Bygdamuseum, som ligg i Presthaugen. Bygdamuseet er i hovudsak bygt opp som ein gard&hellip;","og_url":"https:\/\/diktardagar.no\/2014\/tidlegare\/diktardagar2015\/stadar-2015\/presthaugen-friluftsene-og-lom-bygdamuseum\/","og_site_name":"Diktardagar 2014","og_image":[{"url":"https:\/\/diktardagar.no\/2014\/wp-content\/uploads\/sites\/12\/2014\/04\/livogrore-300x200.jpg","type":"","width":"","height":""}],"twitter_card":"summary_large_image","schema":{"@context":"https:\/\/schema.org","@graph":[{"@type":"WebPage","@id":"https:\/\/diktardagar.no\/2014\/tidlegare\/diktardagar2015\/stadar-2015\/presthaugen-friluftsene-og-lom-bygdamuseum\/","url":"https:\/\/diktardagar.no\/2014\/tidlegare\/diktardagar2015\/stadar-2015\/presthaugen-friluftsene-og-lom-bygdamuseum\/","name":"Presthaugen friluftsene og Lom Bygdamuseum - Diktardagar 2014","isPartOf":{"@id":"https:\/\/diktardagar.no\/2014\/#website"},"primaryImageOfPage":{"@id":"https:\/\/diktardagar.no\/2014\/tidlegare\/diktardagar2015\/stadar-2015\/presthaugen-friluftsene-og-lom-bygdamuseum\/#primaryimage"},"image":{"@id":"https:\/\/diktardagar.no\/2014\/tidlegare\/diktardagar2015\/stadar-2015\/presthaugen-friluftsene-og-lom-bygdamuseum\/#primaryimage"},"thumbnailUrl":"https:\/\/diktardagar.no\/2014\/wp-content\/uploads\/sites\/12\/2014\/04\/livogrore-300x200.jpg","datePublished":"2014-04-30T08:36:23+00:00","breadcrumb":{"@id":"https:\/\/diktardagar.no\/2014\/tidlegare\/diktardagar2015\/stadar-2015\/presthaugen-friluftsene-og-lom-bygdamuseum\/#breadcrumb"},"inLanguage":"nb-NO","potentialAction":[{"@type":"ReadAction","target":["https:\/\/diktardagar.no\/2014\/tidlegare\/diktardagar2015\/stadar-2015\/presthaugen-friluftsene-og-lom-bygdamuseum\/"]}]},{"@type":"ImageObject","inLanguage":"nb-NO","@id":"https:\/\/diktardagar.no\/2014\/tidlegare\/diktardagar2015\/stadar-2015\/presthaugen-friluftsene-og-lom-bygdamuseum\/#primaryimage","url":"https:\/\/diktardagar.no\/2014\/wp-content\/uploads\/sites\/12\/2014\/04\/livogrore.jpg","contentUrl":"https:\/\/diktardagar.no\/2014\/wp-content\/uploads\/sites\/12\/2014\/04\/livogrore.jpg","width":999,"height":669},{"@type":"BreadcrumbList","@id":"https:\/\/diktardagar.no\/2014\/tidlegare\/diktardagar2015\/stadar-2015\/presthaugen-friluftsene-og-lom-bygdamuseum\/#breadcrumb","itemListElement":[{"@type":"ListItem","position":1,"name":"Hjem","item":"https:\/\/diktardagar.no\/2014\/"},{"@type":"ListItem","position":2,"name":"Tidlegare diktardagar","item":"https:\/\/diktardagar.no\/2014\/tidlegare\/"},{"@type":"ListItem","position":3,"name":"Diktardagar 2015","item":"https:\/\/diktardagar.no\/2014\/tidlegare\/diktardagar2015\/"},{"@type":"ListItem","position":4,"name":"Stadar 2015","item":"https:\/\/diktardagar.no\/2014\/tidlegare\/diktardagar2015\/stadar-2015\/"},{"@type":"ListItem","position":5,"name":"Presthaugen friluftsene og Lom Bygdamuseum"}]},{"@type":"WebSite","@id":"https:\/\/diktardagar.no\/2014\/#website","url":"https:\/\/diktardagar.no\/2014\/","name":"Diktardagar 2014","description":"","potentialAction":[{"@type":"SearchAction","target":{"@type":"EntryPoint","urlTemplate":"https:\/\/diktardagar.no\/2014\/?s={search_term_string}"},"query-input":{"@type":"PropertyValueSpecification","valueRequired":true,"valueName":"search_term_string"}}],"inLanguage":"nb-NO"}]}},"_links":{"self":[{"href":"https:\/\/diktardagar.no\/2014\/wp-json\/wp\/v2\/pages\/226","targetHints":{"allow":["GET"]}}],"collection":[{"href":"https:\/\/diktardagar.no\/2014\/wp-json\/wp\/v2\/pages"}],"about":[{"href":"https:\/\/diktardagar.no\/2014\/wp-json\/wp\/v2\/types\/page"}],"author":[{"embeddable":true,"href":"https:\/\/diktardagar.no\/2014\/wp-json\/wp\/v2\/users\/2"}],"replies":[{"embeddable":true,"href":"https:\/\/diktardagar.no\/2014\/wp-json\/wp\/v2\/comments?post=226"}],"version-history":[{"count":1,"href":"https:\/\/diktardagar.no\/2014\/wp-json\/wp\/v2\/pages\/226\/revisions"}],"predecessor-version":[{"id":227,"href":"https:\/\/diktardagar.no\/2014\/wp-json\/wp\/v2\/pages\/226\/revisions\/227"}],"up":[{"embeddable":true,"href":"https:\/\/diktardagar.no\/2014\/wp-json\/wp\/v2\/pages\/67"}],"wp:attachment":[{"href":"https:\/\/diktardagar.no\/2014\/wp-json\/wp\/v2\/media?parent=226"}],"curies":[{"name":"wp","href":"https:\/\/api.w.org\/{rel}","templated":true}]}}

<p><a href="https://diktardagar.no/2014/wp-content/uploads/sites/12/2014/04/livogrore.jpg"><img loading="lazy" decoding="async" class="alignleft wp-image-126 size-medium" src="https://diktardagar.no/2014/wp-content/uploads/sites/12/2014/04/livogrore-300x200.jpg" alt="livogrore" width="300" height="200" srcset="https://diktardagar.no/2014/wp-content/uploads/sites/12/2014/04/livogrore-300x200.jpg 300w, https://diktardagar.no/2014/wp-content/uploads/sites/12/2014/04/livogrore.jpg 999w" sizes="auto, (max-width: 300px) 100vw, 300px" /></a>Presthaugen ligg midt i Lom sentrum. Det er ein esker, ein grushaug som breen i si tid har etterlate seg midt i bygda. I dag er det ein skogkledd ås bak Norsk fjellmuseum og Storstabburet. Storstabburet er ein del av Lom Bygdamuseum, som ligg i Presthaugen. Bygdamuseet er i hovudsak bygt opp som ein gard med husmannsplass og seter frå rundt 1700-talet. Presthaugen inneheld også friområde med uteseneanlegg, kiosk og sanitæranlegg.</p>

<p>Presthaugen ligg midt i Lom sentrum. Det er ein esker, ein grushaug som breen i si tid har etterlate seg midt i bygda. I dag er det ein skogkledd ås bak Norsk fjellmuseum og Storstabburet. Storstabburet er ein del av Lom Bygdamuseum, som ligg i Presthaugen. Bygdamuseet er i hovudsak bygt opp som ein gard&hellip;</p>

<!-- This site is optimized with the Yoast SEO plugin v27.5 - https://yoast.com/product/yoast-seo-wordpress/ -->
<title>Presthaugen friluftsene og Lom Bygdamuseum - Diktardagar 2014</title>
<meta name="robots" content="index, follow, max-snippet:-1, max-image-preview:large, max-video-preview:-1" />
<link rel="canonical" href="https://diktardagar.no/2014/tidlegare/diktardagar2015/stadar-2015/presthaugen-friluftsene-og-lom-bygdamuseum/" class="yoast-seo-meta-tag" />
<meta property="og:locale" content="nb_NO" class="yoast-seo-meta-tag" />
<meta property="og:type" content="article" class="yoast-seo-meta-tag" />
<meta property="og:title" content="Presthaugen friluftsene og Lom Bygdamuseum - Diktardagar 2014" class="yoast-seo-meta-tag" />
<meta property="og:description" content="Presthaugen ligg midt i Lom sentrum. Det er ein esker, ein grushaug som breen i si tid har etterlate seg midt i bygda. I dag er det ein skogkledd ås bak Norsk fjellmuseum og Storstabburet. Storstabburet er ein del av Lom Bygdamuseum, som ligg i Presthaugen. Bygdamuseet er i hovudsak bygt opp som ein gard&hellip;" class="yoast-seo-meta-tag" />
<meta property="og:url" content="https://diktardagar.no/2014/tidlegare/diktardagar2015/stadar-2015/presthaugen-friluftsene-og-lom-bygdamuseum/" class="yoast-seo-meta-tag" />
<meta property="og:site_name" content="Diktardagar 2014" class="yoast-seo-meta-tag" />
<meta property="og:image" content="https://diktardagar.no/2014/wp-content/uploads/sites/12/2014/04/livogrore-300x200.jpg" class="yoast-seo-meta-tag" />
<meta name="twitter:card" content="summary_large_image" class="yoast-seo-meta-tag" />
<script type="application/ld+json" class="yoast-schema-graph">{"@context":"https:\/\/schema.org","@graph":[{"@type":"WebPage","@id":"https:\/\/diktardagar.no\/2014\/tidlegare\/diktardagar2015\/stadar-2015\/presthaugen-friluftsene-og-lom-bygdamuseum\/","url":"https:\/\/diktardagar.no\/2014\/tidlegare\/diktardagar2015\/stadar-2015\/presthaugen-friluftsene-og-lom-bygdamuseum\/","name":"Presthaugen friluftsene og Lom Bygdamuseum - Diktardagar 2014","isPartOf":{"@id":"https:\/\/diktardagar.no\/2014\/#website"},"primaryImageOfPage":{"@id":"https:\/\/diktardagar.no\/2014\/tidlegare\/diktardagar2015\/stadar-2015\/presthaugen-friluftsene-og-lom-bygdamuseum\/#primaryimage"},"image":{"@id":"https:\/\/diktardagar.no\/2014\/tidlegare\/diktardagar2015\/stadar-2015\/presthaugen-friluftsene-og-lom-bygdamuseum\/#primaryimage"},"thumbnailUrl":"https:\/\/diktardagar.no\/2014\/wp-content\/uploads\/sites\/12\/2014\/04\/livogrore-300x200.jpg","datePublished":"2014-04-30T08:36:23+00:00","breadcrumb":{"@id":"https:\/\/diktardagar.no\/2014\/tidlegare\/diktardagar2015\/stadar-2015\/presthaugen-friluftsene-og-lom-bygdamuseum\/#breadcrumb"},"inLanguage":"nb-NO","potentialAction":[{"@type":"ReadAction","target":["https:\/\/diktardagar.no\/2014\/tidlegare\/diktardagar2015\/stadar-2015\/presthaugen-friluftsene-og-lom-bygdamuseum\/"]}]},{"@type":"ImageObject","inLanguage":"nb-NO","@id":"https:\/\/diktardagar.no\/2014\/tidlegare\/diktardagar2015\/stadar-2015\/presthaugen-friluftsene-og-lom-bygdamuseum\/#primaryimage","url":"https:\/\/diktardagar.no\/2014\/wp-content\/uploads\/sites\/12\/2014\/04\/livogrore.jpg","contentUrl":"https:\/\/diktardagar.no\/2014\/wp-content\/uploads\/sites\/12\/2014\/04\/livogrore.jpg","width":999,"height":669},{"@type":"BreadcrumbList","@id":"https:\/\/diktardagar.no\/2014\/tidlegare\/diktardagar2015\/stadar-2015\/presthaugen-friluftsene-og-lom-bygdamuseum\/#breadcrumb","itemListElement":[{"@type":"ListItem","position":1,"name":"Hjem","item":"https:\/\/diktardagar.no\/2014\/"},{"@type":"ListItem","position":2,"name":"Tidlegare diktardagar","item":"https:\/\/diktardagar.no\/2014\/tidlegare\/"},{"@type":"ListItem","position":3,"name":"Diktardagar 2015","item":"https:\/\/diktardagar.no\/2014\/tidlegare\/diktardagar2015\/"},{"@type":"ListItem","position":4,"name":"Stadar 2015","item":"https:\/\/diktardagar.no\/2014\/tidlegare\/diktardagar2015\/stadar-2015\/"},{"@type":"ListItem","position":5,"name":"Presthaugen friluftsene og Lom Bygdamuseum"}]},{"@type":"WebSite","@id":"https:\/\/diktardagar.no\/2014\/#website","url":"https:\/\/diktardagar.no\/2014\/","name":"Diktardagar 2014","description":"","potentialAction":[{"@type":"SearchAction","target":{"@type":"EntryPoint","urlTemplate":"https:\/\/diktardagar.no\/2014\/?s={search_term_string}"},"query-input":{"@type":"PropertyValueSpecification","valueRequired":true,"valueName":"search_term_string"}}],"inLanguage":"nb-NO"}]}</script>
<!-- / Yoast SEO plugin. -->

Presthaugen ligg midt i Lom sentrum. Det er ein esker, ein grushaug som breen i si tid har etterlate seg midt i bygda. I dag er det ein skogkledd ås bak Norsk fjellmuseum og Storstabburet. Storstabburet er ein del av Lom Bygdamuseum, som ligg i Presthaugen. Bygdamuseet er i hovudsak bygt opp som ein gard&hellip;
