{"id":752,"date":"2015-07-09T16:30:37","date_gmt":"2015-07-09T14:30:37","guid":{"rendered":"https:\/\/diktardagar.no\/2013\/?page_id=752"},"modified":"2015-07-23T20:08:01","modified_gmt":"2015-07-23T18:08:01","slug":"geir-buljo","status":"publish","type":"page","link":"https:\/\/diktardagar.no\/2013\/tidlegare\/diktardagar2015\/geir-buljo\/","title":{"rendered":"Georg Buljo"},"content":{"rendered":"<div id=\"attachment_753\" style=\"width: 244px\" class=\"wp-caption alignleft\"><a href=\"https:\/\/diktardagar.no\/2013\/wp-content\/uploads\/sites\/13\/2015\/07\/Georg-buljo.jpg\"><img loading=\"lazy\" decoding=\"async\" aria-describedby=\"caption-attachment-753\" class=\"size-medium wp-image-753\" src=\"https:\/\/diktardagar.no\/2013\/wp-content\/uploads\/sites\/13\/2015\/07\/Georg-buljo-234x300.jpg\" alt=\"Georg Buljo Foto: Henrik Beck\/Kolonihaven\" width=\"234\" height=\"300\" srcset=\"https:\/\/diktardagar.no\/2013\/wp-content\/uploads\/sites\/13\/2015\/07\/Georg-buljo-234x300.jpg 234w, https:\/\/diktardagar.no\/2013\/wp-content\/uploads\/sites\/13\/2015\/07\/Georg-buljo-797x1024.jpg 797w, https:\/\/diktardagar.no\/2013\/wp-content\/uploads\/sites\/13\/2015\/07\/Georg-buljo.jpg 906w\" sizes=\"auto, (max-width: 234px) 100vw, 234px\" \/><\/a><p id=\"caption-attachment-753\" class=\"wp-caption-text\">Georg Buljo<br \/>Foto: Henrik Beck\/Kolonihaven<\/p><\/div>\n<p>Georg Buljo er f\u00f8dd 2. februar 1969 og er gitarist og produsent. Saman med K\u00e5re Vestrheim starta han tidleg p\u00e5 nittitalet Locomotives, der han var gitarist, l\u00e5tskrivar og co-produsent. Han har jobba saman med Mari Boine, Odd Nordstaga, Jan Eggum og ei rekkje andre norske og samiske artistar. Han er ogs\u00e5 med i Lars Bremnes Band og opptrer saman med Lars og Kirsten Br\u00e5ten Berg p\u00e5 Diktardagar. Desse m\u00f8ter du p\u00e5 seminaret og p\u00e5 festkvelden.<\/p>\n","protected":false},"excerpt":{"rendered":"<p>Georg Buljo er f\u00f8dd 2. februar 1969 og er gitarist og produsent. Saman med K\u00e5re Vestrheim starta han tidleg p\u00e5 nittitalet Locomotives, der han var gitarist, l\u00e5tskrivar og co-produsent. Han har jobba saman med Mari Boine, Odd Nordstaga, Jan Eggum og ei rekkje andre norske og samiske artistar. Han er ogs\u00e5 med i Lars Bremnes&hellip;<\/p>\n","protected":false},"author":1,"featured_media":753,"parent":45,"menu_order":14,"comment_status":"closed","ping_status":"open","template":"","meta":{"footnotes":""},"class_list":["post-752","page","type-page","status-publish","has-post-thumbnail","hentry"],"yoast_head":"<!-- This site is optimized with the Yoast SEO plugin v27.5 - https:\/\/yoast.com\/product\/yoast-seo-wordpress\/ -->\n<title>Georg Buljo - Diktardagar 2013<\/title>\n<meta name=\"robots\" content=\"index, follow, max-snippet:-1, max-image-preview:large, max-video-preview:-1\" \/>\n<link rel=\"canonical\" href=\"https:\/\/diktardagar.no\/2013\/tidlegare\/diktardagar2015\/geir-buljo\/\" class=\"yoast-seo-meta-tag\" \/>\n<meta property=\"og:locale\" content=\"nb_NO\" class=\"yoast-seo-meta-tag\" \/>\n<meta property=\"og:type\" content=\"article\" class=\"yoast-seo-meta-tag\" \/>\n<meta property=\"og:title\" content=\"Georg Buljo - Diktardagar 2013\" class=\"yoast-seo-meta-tag\" \/>\n<meta property=\"og:description\" content=\"Georg Buljo er f\u00f8dd 2. februar 1969 og er gitarist og produsent. Saman med K\u00e5re Vestrheim starta han tidleg p\u00e5 nittitalet Locomotives, der han var gitarist, l\u00e5tskrivar og co-produsent. Han har jobba saman med Mari Boine, Odd Nordstaga, Jan Eggum og ei rekkje andre norske og samiske artistar. Han er ogs\u00e5 med i Lars Bremnes&hellip;\" class=\"yoast-seo-meta-tag\" \/>\n<meta property=\"og:url\" content=\"https:\/\/diktardagar.no\/2013\/tidlegare\/diktardagar2015\/geir-buljo\/\" class=\"yoast-seo-meta-tag\" \/>\n<meta property=\"og:site_name\" content=\"Diktardagar 2013\" class=\"yoast-seo-meta-tag\" \/>\n<meta property=\"article:modified_time\" content=\"2015-07-23T18:08:01+00:00\" class=\"yoast-seo-meta-tag\" \/>\n<meta property=\"og:image\" content=\"https:\/\/diktardagar.no\/2013\/wp-content\/uploads\/sites\/13\/2015\/07\/Georg-buljo.jpg\" class=\"yoast-seo-meta-tag\" \/>\n\t<meta property=\"og:image:width\" content=\"906\" class=\"yoast-seo-meta-tag\" \/>\n\t<meta property=\"og:image:height\" content=\"1164\" class=\"yoast-seo-meta-tag\" \/>\n\t<meta property=\"og:image:type\" content=\"image\/jpeg\" class=\"yoast-seo-meta-tag\" \/>\n<meta name=\"twitter:card\" content=\"summary_large_image\" class=\"yoast-seo-meta-tag\" \/>\n<script type=\"application\/ld+json\" class=\"yoast-schema-graph\">{\"@context\":\"https:\\\/\\\/schema.org\",\"@graph\":[{\"@type\":\"WebPage\",\"@id\":\"https:\\\/\\\/diktardagar.no\\\/2013\\\/tidlegare\\\/diktardagar2015\\\/geir-buljo\\\/\",\"url\":\"https:\\\/\\\/diktardagar.no\\\/2013\\\/tidlegare\\\/diktardagar2015\\\/geir-buljo\\\/\",\"name\":\"Georg Buljo - Diktardagar 2013\",\"isPartOf\":{\"@id\":\"https:\\\/\\\/diktardagar.no\\\/2013\\\/#website\"},\"primaryImageOfPage\":{\"@id\":\"https:\\\/\\\/diktardagar.no\\\/2013\\\/tidlegare\\\/diktardagar2015\\\/geir-buljo\\\/#primaryimage\"},\"image\":{\"@id\":\"https:\\\/\\\/diktardagar.no\\\/2013\\\/tidlegare\\\/diktardagar2015\\\/geir-buljo\\\/#primaryimage\"},\"thumbnailUrl\":\"https:\\\/\\\/diktardagar.no\\\/2013\\\/wp-content\\\/uploads\\\/sites\\\/13\\\/2015\\\/07\\\/Georg-buljo.jpg\",\"datePublished\":\"2015-07-09T14:30:37+00:00\",\"dateModified\":\"2015-07-23T18:08:01+00:00\",\"breadcrumb\":{\"@id\":\"https:\\\/\\\/diktardagar.no\\\/2013\\\/tidlegare\\\/diktardagar2015\\\/geir-buljo\\\/#breadcrumb\"},\"inLanguage\":\"nb-NO\",\"potentialAction\":[{\"@type\":\"ReadAction\",\"target\":[\"https:\\\/\\\/diktardagar.no\\\/2013\\\/tidlegare\\\/diktardagar2015\\\/geir-buljo\\\/\"]}]},{\"@type\":\"ImageObject\",\"inLanguage\":\"nb-NO\",\"@id\":\"https:\\\/\\\/diktardagar.no\\\/2013\\\/tidlegare\\\/diktardagar2015\\\/geir-buljo\\\/#primaryimage\",\"url\":\"https:\\\/\\\/diktardagar.no\\\/2013\\\/wp-content\\\/uploads\\\/sites\\\/13\\\/2015\\\/07\\\/Georg-buljo.jpg\",\"contentUrl\":\"https:\\\/\\\/diktardagar.no\\\/2013\\\/wp-content\\\/uploads\\\/sites\\\/13\\\/2015\\\/07\\\/Georg-buljo.jpg\",\"width\":906,\"height\":1164,\"caption\":\"Georg Buljo Foto: Henrik Beck\\\/Kolonihaven\"},{\"@type\":\"BreadcrumbList\",\"@id\":\"https:\\\/\\\/diktardagar.no\\\/2013\\\/tidlegare\\\/diktardagar2015\\\/geir-buljo\\\/#breadcrumb\",\"itemListElement\":[{\"@type\":\"ListItem\",\"position\":1,\"name\":\"Hjem\",\"item\":\"https:\\\/\\\/diktardagar.no\\\/2013\\\/\"},{\"@type\":\"ListItem\",\"position\":2,\"name\":\"Tidlegare diktardagar\",\"item\":\"https:\\\/\\\/diktardagar.no\\\/2013\\\/tidlegare\\\/\"},{\"@type\":\"ListItem\",\"position\":3,\"name\":\"Diktardagar 2015\",\"item\":\"https:\\\/\\\/diktardagar.no\\\/2013\\\/tidlegare\\\/diktardagar2015\\\/\"},{\"@type\":\"ListItem\",\"position\":4,\"name\":\"Georg Buljo\"}]},{\"@type\":\"WebSite\",\"@id\":\"https:\\\/\\\/diktardagar.no\\\/2013\\\/#website\",\"url\":\"https:\\\/\\\/diktardagar.no\\\/2013\\\/\",\"name\":\"Diktardagar 2013\",\"description\":\"\",\"potentialAction\":[{\"@type\":\"SearchAction\",\"target\":{\"@type\":\"EntryPoint\",\"urlTemplate\":\"https:\\\/\\\/diktardagar.no\\\/2013\\\/?s={search_term_string}\"},\"query-input\":{\"@type\":\"PropertyValueSpecification\",\"valueRequired\":true,\"valueName\":\"search_term_string\"}}],\"inLanguage\":\"nb-NO\"}]}<\/script>\n<!-- \/ Yoast SEO plugin. -->","yoast_head_json":{"title":"Georg Buljo - Diktardagar 2013","robots":{"index":"index","follow":"follow","max-snippet":"max-snippet:-1","max-image-preview":"max-image-preview:large","max-video-preview":"max-video-preview:-1"},"canonical":"https:\/\/diktardagar.no\/2013\/tidlegare\/diktardagar2015\/geir-buljo\/","og_locale":"nb_NO","og_type":"article","og_title":"Georg Buljo - Diktardagar 2013","og_description":"Georg Buljo er f\u00f8dd 2. februar 1969 og er gitarist og produsent. Saman med K\u00e5re Vestrheim starta han tidleg p\u00e5 nittitalet Locomotives, der han var gitarist, l\u00e5tskrivar og co-produsent. Han har jobba saman med Mari Boine, Odd Nordstaga, Jan Eggum og ei rekkje andre norske og samiske artistar. Han er ogs\u00e5 med i Lars Bremnes&hellip;","og_url":"https:\/\/diktardagar.no\/2013\/tidlegare\/diktardagar2015\/geir-buljo\/","og_site_name":"Diktardagar 2013","article_modified_time":"2015-07-23T18:08:01+00:00","og_image":[{"width":906,"height":1164,"url":"https:\/\/diktardagar.no\/2013\/wp-content\/uploads\/sites\/13\/2015\/07\/Georg-buljo.jpg","type":"image\/jpeg"}],"twitter_card":"summary_large_image","schema":{"@context":"https:\/\/schema.org","@graph":[{"@type":"WebPage","@id":"https:\/\/diktardagar.no\/2013\/tidlegare\/diktardagar2015\/geir-buljo\/","url":"https:\/\/diktardagar.no\/2013\/tidlegare\/diktardagar2015\/geir-buljo\/","name":"Georg Buljo - Diktardagar 2013","isPartOf":{"@id":"https:\/\/diktardagar.no\/2013\/#website"},"primaryImageOfPage":{"@id":"https:\/\/diktardagar.no\/2013\/tidlegare\/diktardagar2015\/geir-buljo\/#primaryimage"},"image":{"@id":"https:\/\/diktardagar.no\/2013\/tidlegare\/diktardagar2015\/geir-buljo\/#primaryimage"},"thumbnailUrl":"https:\/\/diktardagar.no\/2013\/wp-content\/uploads\/sites\/13\/2015\/07\/Georg-buljo.jpg","datePublished":"2015-07-09T14:30:37+00:00","dateModified":"2015-07-23T18:08:01+00:00","breadcrumb":{"@id":"https:\/\/diktardagar.no\/2013\/tidlegare\/diktardagar2015\/geir-buljo\/#breadcrumb"},"inLanguage":"nb-NO","potentialAction":[{"@type":"ReadAction","target":["https:\/\/diktardagar.no\/2013\/tidlegare\/diktardagar2015\/geir-buljo\/"]}]},{"@type":"ImageObject","inLanguage":"nb-NO","@id":"https:\/\/diktardagar.no\/2013\/tidlegare\/diktardagar2015\/geir-buljo\/#primaryimage","url":"https:\/\/diktardagar.no\/2013\/wp-content\/uploads\/sites\/13\/2015\/07\/Georg-buljo.jpg","contentUrl":"https:\/\/diktardagar.no\/2013\/wp-content\/uploads\/sites\/13\/2015\/07\/Georg-buljo.jpg","width":906,"height":1164,"caption":"Georg Buljo Foto: Henrik Beck\/Kolonihaven"},{"@type":"BreadcrumbList","@id":"https:\/\/diktardagar.no\/2013\/tidlegare\/diktardagar2015\/geir-buljo\/#breadcrumb","itemListElement":[{"@type":"ListItem","position":1,"name":"Hjem","item":"https:\/\/diktardagar.no\/2013\/"},{"@type":"ListItem","position":2,"name":"Tidlegare diktardagar","item":"https:\/\/diktardagar.no\/2013\/tidlegare\/"},{"@type":"ListItem","position":3,"name":"Diktardagar 2015","item":"https:\/\/diktardagar.no\/2013\/tidlegare\/diktardagar2015\/"},{"@type":"ListItem","position":4,"name":"Georg Buljo"}]},{"@type":"WebSite","@id":"https:\/\/diktardagar.no\/2013\/#website","url":"https:\/\/diktardagar.no\/2013\/","name":"Diktardagar 2013","description":"","potentialAction":[{"@type":"SearchAction","target":{"@type":"EntryPoint","urlTemplate":"https:\/\/diktardagar.no\/2013\/?s={search_term_string}"},"query-input":{"@type":"PropertyValueSpecification","valueRequired":true,"valueName":"search_term_string"}}],"inLanguage":"nb-NO"}]}},"_links":{"self":[{"href":"https:\/\/diktardagar.no\/2013\/wp-json\/wp\/v2\/pages\/752","targetHints":{"allow":["GET"]}}],"collection":[{"href":"https:\/\/diktardagar.no\/2013\/wp-json\/wp\/v2\/pages"}],"about":[{"href":"https:\/\/diktardagar.no\/2013\/wp-json\/wp\/v2\/types\/page"}],"author":[{"embeddable":true,"href":"https:\/\/diktardagar.no\/2013\/wp-json\/wp\/v2\/users\/1"}],"replies":[{"embeddable":true,"href":"https:\/\/diktardagar.no\/2013\/wp-json\/wp\/v2\/comments?post=752"}],"version-history":[{"count":5,"href":"https:\/\/diktardagar.no\/2013\/wp-json\/wp\/v2\/pages\/752\/revisions"}],"predecessor-version":[{"id":889,"href":"https:\/\/diktardagar.no\/2013\/wp-json\/wp\/v2\/pages\/752\/revisions\/889"}],"up":[{"embeddable":true,"href":"https:\/\/diktardagar.no\/2013\/wp-json\/wp\/v2\/pages\/45"}],"wp:featuredmedia":[{"embeddable":true,"href":"https:\/\/diktardagar.no\/2013\/wp-json\/wp\/v2\/media\/753"}],"wp:attachment":[{"href":"https:\/\/diktardagar.no\/2013\/wp-json\/wp\/v2\/media?parent=752"}],"curies":[{"name":"wp","href":"https:\/\/api.w.org\/{rel}","templated":true}]}}

<div id="attachment_753" style="width: 244px" class="wp-caption alignleft"><a href="https://diktardagar.no/2013/wp-content/uploads/sites/13/2015/07/Georg-buljo.jpg"><img loading="lazy" decoding="async" aria-describedby="caption-attachment-753" class="size-medium wp-image-753" src="https://diktardagar.no/2013/wp-content/uploads/sites/13/2015/07/Georg-buljo-234x300.jpg" alt="Georg Buljo Foto: Henrik Beck/Kolonihaven" width="234" height="300" srcset="https://diktardagar.no/2013/wp-content/uploads/sites/13/2015/07/Georg-buljo-234x300.jpg 234w, https://diktardagar.no/2013/wp-content/uploads/sites/13/2015/07/Georg-buljo-797x1024.jpg 797w, https://diktardagar.no/2013/wp-content/uploads/sites/13/2015/07/Georg-buljo.jpg 906w" sizes="auto, (max-width: 234px) 100vw, 234px" /></a><p id="caption-attachment-753" class="wp-caption-text">Georg Buljo<br />Foto: Henrik Beck/Kolonihaven</p></div>
<p>Georg Buljo er fødd 2. februar 1969 og er gitarist og produsent. Saman med Kåre Vestrheim starta han tidleg på nittitalet Locomotives, der han var gitarist, låtskrivar og co-produsent. Han har jobba saman med Mari Boine, Odd Nordstaga, Jan Eggum og ei rekkje andre norske og samiske artistar. Han er også med i Lars Bremnes Band og opptrer saman med Lars og Kirsten Bråten Berg på Diktardagar. Desse møter du på seminaret og på festkvelden.</p>

<p>Georg Buljo er fødd 2. februar 1969 og er gitarist og produsent. Saman med Kåre Vestrheim starta han tidleg på nittitalet Locomotives, der han var gitarist, låtskrivar og co-produsent. Han har jobba saman med Mari Boine, Odd Nordstaga, Jan Eggum og ei rekkje andre norske og samiske artistar. Han er også med i Lars Bremnes&hellip;</p>

<!-- This site is optimized with the Yoast SEO plugin v27.5 - https://yoast.com/product/yoast-seo-wordpress/ -->
<title>Georg Buljo - Diktardagar 2013</title>
<meta name="robots" content="index, follow, max-snippet:-1, max-image-preview:large, max-video-preview:-1" />
<link rel="canonical" href="https://diktardagar.no/2013/tidlegare/diktardagar2015/geir-buljo/" class="yoast-seo-meta-tag" />
<meta property="og:locale" content="nb_NO" class="yoast-seo-meta-tag" />
<meta property="og:type" content="article" class="yoast-seo-meta-tag" />
<meta property="og:title" content="Georg Buljo - Diktardagar 2013" class="yoast-seo-meta-tag" />
<meta property="og:description" content="Georg Buljo er fødd 2. februar 1969 og er gitarist og produsent. Saman med Kåre Vestrheim starta han tidleg på nittitalet Locomotives, der han var gitarist, låtskrivar og co-produsent. Han har jobba saman med Mari Boine, Odd Nordstaga, Jan Eggum og ei rekkje andre norske og samiske artistar. Han er også med i Lars Bremnes&hellip;" class="yoast-seo-meta-tag" />
<meta property="og:url" content="https://diktardagar.no/2013/tidlegare/diktardagar2015/geir-buljo/" class="yoast-seo-meta-tag" />
<meta property="og:site_name" content="Diktardagar 2013" class="yoast-seo-meta-tag" />
<meta property="article:modified_time" content="2015-07-23T18:08:01+00:00" class="yoast-seo-meta-tag" />
<meta property="og:image" content="https://diktardagar.no/2013/wp-content/uploads/sites/13/2015/07/Georg-buljo.jpg" class="yoast-seo-meta-tag" />
	<meta property="og:image:width" content="906" class="yoast-seo-meta-tag" />
	<meta property="og:image:height" content="1164" class="yoast-seo-meta-tag" />
	<meta property="og:image:type" content="image/jpeg" class="yoast-seo-meta-tag" />
<meta name="twitter:card" content="summary_large_image" class="yoast-seo-meta-tag" />
<script type="application/ld+json" class="yoast-schema-graph">{"@context":"https:\/\/schema.org","@graph":[{"@type":"WebPage","@id":"https:\/\/diktardagar.no\/2013\/tidlegare\/diktardagar2015\/geir-buljo\/","url":"https:\/\/diktardagar.no\/2013\/tidlegare\/diktardagar2015\/geir-buljo\/","name":"Georg Buljo - Diktardagar 2013","isPartOf":{"@id":"https:\/\/diktardagar.no\/2013\/#website"},"primaryImageOfPage":{"@id":"https:\/\/diktardagar.no\/2013\/tidlegare\/diktardagar2015\/geir-buljo\/#primaryimage"},"image":{"@id":"https:\/\/diktardagar.no\/2013\/tidlegare\/diktardagar2015\/geir-buljo\/#primaryimage"},"thumbnailUrl":"https:\/\/diktardagar.no\/2013\/wp-content\/uploads\/sites\/13\/2015\/07\/Georg-buljo.jpg","datePublished":"2015-07-09T14:30:37+00:00","dateModified":"2015-07-23T18:08:01+00:00","breadcrumb":{"@id":"https:\/\/diktardagar.no\/2013\/tidlegare\/diktardagar2015\/geir-buljo\/#breadcrumb"},"inLanguage":"nb-NO","potentialAction":[{"@type":"ReadAction","target":["https:\/\/diktardagar.no\/2013\/tidlegare\/diktardagar2015\/geir-buljo\/"]}]},{"@type":"ImageObject","inLanguage":"nb-NO","@id":"https:\/\/diktardagar.no\/2013\/tidlegare\/diktardagar2015\/geir-buljo\/#primaryimage","url":"https:\/\/diktardagar.no\/2013\/wp-content\/uploads\/sites\/13\/2015\/07\/Georg-buljo.jpg","contentUrl":"https:\/\/diktardagar.no\/2013\/wp-content\/uploads\/sites\/13\/2015\/07\/Georg-buljo.jpg","width":906,"height":1164,"caption":"Georg Buljo Foto: Henrik Beck\/Kolonihaven"},{"@type":"BreadcrumbList","@id":"https:\/\/diktardagar.no\/2013\/tidlegare\/diktardagar2015\/geir-buljo\/#breadcrumb","itemListElement":[{"@type":"ListItem","position":1,"name":"Hjem","item":"https:\/\/diktardagar.no\/2013\/"},{"@type":"ListItem","position":2,"name":"Tidlegare diktardagar","item":"https:\/\/diktardagar.no\/2013\/tidlegare\/"},{"@type":"ListItem","position":3,"name":"Diktardagar 2015","item":"https:\/\/diktardagar.no\/2013\/tidlegare\/diktardagar2015\/"},{"@type":"ListItem","position":4,"name":"Georg Buljo"}]},{"@type":"WebSite","@id":"https:\/\/diktardagar.no\/2013\/#website","url":"https:\/\/diktardagar.no\/2013\/","name":"Diktardagar 2013","description":"","potentialAction":[{"@type":"SearchAction","target":{"@type":"EntryPoint","urlTemplate":"https:\/\/diktardagar.no\/2013\/?s={search_term_string}"},"query-input":{"@type":"PropertyValueSpecification","valueRequired":true,"valueName":"search_term_string"}}],"inLanguage":"nb-NO"}]}</script>
<!-- / Yoast SEO plugin. -->

Georg Buljo er fødd 2. februar 1969 og er gitarist og produsent. Saman med Kåre Vestrheim starta han tidleg på nittitalet Locomotives, der han var gitarist, låtskrivar og co-produsent. Han har jobba saman med Mari Boine, Odd Nordstaga, Jan Eggum og ei rekkje andre norske og samiske artistar. Han er også med i Lars Bremnes&hellip;
