{"id":308,"date":"2014-04-30T13:29:00","date_gmt":"2014-04-30T11:29:00","guid":{"rendered":"https:\/\/diktardagar.no\/2013\/?page_id=308"},"modified":"2016-04-04T22:25:23","modified_gmt":"2016-04-04T20:25:23","slug":"komande-diktardagar","status":"publish","type":"page","link":"https:\/\/diktardagar.no\/2013\/komande-diktardagar\/","title":{"rendered":"Komande Diktardagar"},"content":{"rendered":"<p><strong>Diktardagar 2016:<\/strong><br \/>\n1.-4. september i Lom, Skj\u00e5k og V\u00e5g\u00e5. &laquo;Bygda&raquo; og Tor Jonsson er tema under Diktardagar 2016. I \u00e5r er det 100 \u00e5r sidan Tor Jonsson vart f\u00f8dd, og mykje av programmet under Diktardagar vil vera knytt til han.<\/p>\n","protected":false},"excerpt":{"rendered":"<p>Diktardagar 2016: 1.-4. september i Lom, Skj\u00e5k og V\u00e5g\u00e5. &laquo;Bygda&raquo; og Tor Jonsson er tema under Diktardagar 2016. I \u00e5r er det 100 \u00e5r sidan Tor Jonsson vart f\u00f8dd, og mykje av programmet under Diktardagar vil vera knytt til han.<\/p>\n","protected":false},"author":2,"featured_media":0,"parent":0,"menu_order":2,"comment_status":"closed","ping_status":"open","template":"","meta":{"footnotes":""},"class_list":["post-308","page","type-page","status-publish","hentry"],"yoast_head":"<!-- This site is optimized with the Yoast SEO plugin v27.4 - https:\/\/yoast.com\/product\/yoast-seo-wordpress\/ -->\n<title>Komande Diktardagar - Diktardagar 2013<\/title>\n<meta name=\"robots\" content=\"index, follow, max-snippet:-1, max-image-preview:large, max-video-preview:-1\" \/>\n<link rel=\"canonical\" href=\"https:\/\/diktardagar.no\/2013\/komande-diktardagar\/\" class=\"yoast-seo-meta-tag\" \/>\n<meta property=\"og:locale\" content=\"nb_NO\" class=\"yoast-seo-meta-tag\" \/>\n<meta property=\"og:type\" content=\"article\" class=\"yoast-seo-meta-tag\" \/>\n<meta property=\"og:title\" content=\"Komande Diktardagar - Diktardagar 2013\" class=\"yoast-seo-meta-tag\" \/>\n<meta property=\"og:description\" content=\"Diktardagar 2016: 1.-4. september i Lom, Skj\u00e5k og V\u00e5g\u00e5. &laquo;Bygda&raquo; og Tor Jonsson er tema under Diktardagar 2016. I \u00e5r er det 100 \u00e5r sidan Tor Jonsson vart f\u00f8dd, og mykje av programmet under Diktardagar vil vera knytt til han.\" class=\"yoast-seo-meta-tag\" \/>\n<meta property=\"og:url\" content=\"https:\/\/diktardagar.no\/2013\/komande-diktardagar\/\" class=\"yoast-seo-meta-tag\" \/>\n<meta property=\"og:site_name\" content=\"Diktardagar 2013\" class=\"yoast-seo-meta-tag\" \/>\n<meta property=\"article:modified_time\" content=\"2016-04-04T20:25:23+00:00\" class=\"yoast-seo-meta-tag\" \/>\n<meta name=\"twitter:card\" content=\"summary_large_image\" class=\"yoast-seo-meta-tag\" \/>\n<script type=\"application\/ld+json\" class=\"yoast-schema-graph\">{\"@context\":\"https:\\\/\\\/schema.org\",\"@graph\":[{\"@type\":\"WebPage\",\"@id\":\"https:\\\/\\\/diktardagar.no\\\/2013\\\/komande-diktardagar\\\/\",\"url\":\"https:\\\/\\\/diktardagar.no\\\/2013\\\/komande-diktardagar\\\/\",\"name\":\"Komande Diktardagar - Diktardagar 2013\",\"isPartOf\":{\"@id\":\"https:\\\/\\\/diktardagar.no\\\/2013\\\/#website\"},\"datePublished\":\"2014-04-30T11:29:00+00:00\",\"dateModified\":\"2016-04-04T20:25:23+00:00\",\"breadcrumb\":{\"@id\":\"https:\\\/\\\/diktardagar.no\\\/2013\\\/komande-diktardagar\\\/#breadcrumb\"},\"inLanguage\":\"nb-NO\",\"potentialAction\":[{\"@type\":\"ReadAction\",\"target\":[\"https:\\\/\\\/diktardagar.no\\\/2013\\\/komande-diktardagar\\\/\"]}]},{\"@type\":\"BreadcrumbList\",\"@id\":\"https:\\\/\\\/diktardagar.no\\\/2013\\\/komande-diktardagar\\\/#breadcrumb\",\"itemListElement\":[{\"@type\":\"ListItem\",\"position\":1,\"name\":\"Hjem\",\"item\":\"https:\\\/\\\/diktardagar.no\\\/2013\\\/\"},{\"@type\":\"ListItem\",\"position\":2,\"name\":\"Komande Diktardagar\"}]},{\"@type\":\"WebSite\",\"@id\":\"https:\\\/\\\/diktardagar.no\\\/2013\\\/#website\",\"url\":\"https:\\\/\\\/diktardagar.no\\\/2013\\\/\",\"name\":\"Diktardagar 2013\",\"description\":\"\",\"potentialAction\":[{\"@type\":\"SearchAction\",\"target\":{\"@type\":\"EntryPoint\",\"urlTemplate\":\"https:\\\/\\\/diktardagar.no\\\/2013\\\/?s={search_term_string}\"},\"query-input\":{\"@type\":\"PropertyValueSpecification\",\"valueRequired\":true,\"valueName\":\"search_term_string\"}}],\"inLanguage\":\"nb-NO\"}]}<\/script>\n<!-- \/ Yoast SEO plugin. -->","yoast_head_json":{"title":"Komande Diktardagar - Diktardagar 2013","robots":{"index":"index","follow":"follow","max-snippet":"max-snippet:-1","max-image-preview":"max-image-preview:large","max-video-preview":"max-video-preview:-1"},"canonical":"https:\/\/diktardagar.no\/2013\/komande-diktardagar\/","og_locale":"nb_NO","og_type":"article","og_title":"Komande Diktardagar - Diktardagar 2013","og_description":"Diktardagar 2016: 1.-4. september i Lom, Skj\u00e5k og V\u00e5g\u00e5. &laquo;Bygda&raquo; og Tor Jonsson er tema under Diktardagar 2016. I \u00e5r er det 100 \u00e5r sidan Tor Jonsson vart f\u00f8dd, og mykje av programmet under Diktardagar vil vera knytt til han.","og_url":"https:\/\/diktardagar.no\/2013\/komande-diktardagar\/","og_site_name":"Diktardagar 2013","article_modified_time":"2016-04-04T20:25:23+00:00","twitter_card":"summary_large_image","schema":{"@context":"https:\/\/schema.org","@graph":[{"@type":"WebPage","@id":"https:\/\/diktardagar.no\/2013\/komande-diktardagar\/","url":"https:\/\/diktardagar.no\/2013\/komande-diktardagar\/","name":"Komande Diktardagar - Diktardagar 2013","isPartOf":{"@id":"https:\/\/diktardagar.no\/2013\/#website"},"datePublished":"2014-04-30T11:29:00+00:00","dateModified":"2016-04-04T20:25:23+00:00","breadcrumb":{"@id":"https:\/\/diktardagar.no\/2013\/komande-diktardagar\/#breadcrumb"},"inLanguage":"nb-NO","potentialAction":[{"@type":"ReadAction","target":["https:\/\/diktardagar.no\/2013\/komande-diktardagar\/"]}]},{"@type":"BreadcrumbList","@id":"https:\/\/diktardagar.no\/2013\/komande-diktardagar\/#breadcrumb","itemListElement":[{"@type":"ListItem","position":1,"name":"Hjem","item":"https:\/\/diktardagar.no\/2013\/"},{"@type":"ListItem","position":2,"name":"Komande Diktardagar"}]},{"@type":"WebSite","@id":"https:\/\/diktardagar.no\/2013\/#website","url":"https:\/\/diktardagar.no\/2013\/","name":"Diktardagar 2013","description":"","potentialAction":[{"@type":"SearchAction","target":{"@type":"EntryPoint","urlTemplate":"https:\/\/diktardagar.no\/2013\/?s={search_term_string}"},"query-input":{"@type":"PropertyValueSpecification","valueRequired":true,"valueName":"search_term_string"}}],"inLanguage":"nb-NO"}]}},"_links":{"self":[{"href":"https:\/\/diktardagar.no\/2013\/wp-json\/wp\/v2\/pages\/308","targetHints":{"allow":["GET"]}}],"collection":[{"href":"https:\/\/diktardagar.no\/2013\/wp-json\/wp\/v2\/pages"}],"about":[{"href":"https:\/\/diktardagar.no\/2013\/wp-json\/wp\/v2\/types\/page"}],"author":[{"embeddable":true,"href":"https:\/\/diktardagar.no\/2013\/wp-json\/wp\/v2\/users\/2"}],"replies":[{"embeddable":true,"href":"https:\/\/diktardagar.no\/2013\/wp-json\/wp\/v2\/comments?post=308"}],"version-history":[{"count":12,"href":"https:\/\/diktardagar.no\/2013\/wp-json\/wp\/v2\/pages\/308\/revisions"}],"predecessor-version":[{"id":1080,"href":"https:\/\/diktardagar.no\/2013\/wp-json\/wp\/v2\/pages\/308\/revisions\/1080"}],"wp:attachment":[{"href":"https:\/\/diktardagar.no\/2013\/wp-json\/wp\/v2\/media?parent=308"}],"curies":[{"name":"wp","href":"https:\/\/api.w.org\/{rel}","templated":true}]}}